000
CDUS41 KBTV 220550
CLIMSS


CLIMATE REPORT
NATIONAL WEATHER SERVICE BURLINGTON VT
149 AM EDT SUN APR 22 2018


...................................

...THE MASSENA NY CLIMATE SUMMARY FOR APRIL 21 2018...

CLIMATE NORMAL PERIOD 1981 TO 2010
CLIMATE RECORD PERIOD 1948 TO 2018


WEATHER ITEM   OBSERVED TIME   RECORD YEAR NORMAL DEPARTURE LAST
                VALUE   (LST)  VALUE       VALUE  FROM      YEAR
                                                  NORMAL
..................................................................
TEMPERATURE (F)
 YESTERDAY
  MAXIMUM         54    512 PM  84    1987  57     -3       64
  MINIMUM         25    427 AM  21    1981  35    -10       44
  AVERAGE         40                        46     -6       54

PRECIPITATION (IN)
  YESTERDAY        0.00          1.42        0.09  -0.09     0.11
  MONTH TO DATE    2.03                      1.96   0.07     3.31
  SINCE MAR 1      2.97                      4.05  -1.08     5.43
  SINCE JAN 1      6.20                      8.00  -1.80     8.86

DEGREE DAYS
 HEATING
  YESTERDAY       25                        19      6       11
  MONTH TO DATE  641                       499    142      389
  SINCE MAR 1   1739                      1643     96     1645
  SINCE JUL 1   6937                      7630   -693     6571

 COOLING
  YESTERDAY        0                         0      0        0
  MONTH TO DATE    0                         0      0        0
  SINCE MAR 1      0                         0      0        0
  SINCE JAN 1      0                         0      0        0
..................................................................


WIND (MPH)
  HIGHEST WIND SPEED    20   HIGHEST WIND DIRECTION     W (280)
  HIGHEST GUST SPEED    23   HIGHEST GUST DIRECTION     W (280)
  AVERAGE WIND SPEED     7.1


SKY COVER
  AVERAGE SKY COVER 0.0


WEATHER CONDITIONS
 THE FOLLOWING WEATHER WAS RECORDED YESTERDAY.
  NO SIGNIFICANT WEATHER WAS OBSERVED.


RELATIVE HUMIDITY (PERCENT)
 HIGHEST    92           300 AM
 LOWEST     24           600 PM
 AVERAGE    58

..........................................................


THE MASSENA NY CLIMATE NORMALS FOR TODAY
                         NORMAL    RECORD    YEAR
 MAXIMUM TEMPERATURE (F)   58        80      1973
 MINIMUM TEMPERATURE (F)   36        19      1975


SUNRISE AND SUNSET
APRIL 22 2018.........SUNRISE   603 AM EDT   SUNSET   754 PM EDT
APRIL 23 2018.........SUNRISE   601 AM EDT   SUNSET   755 PM EDT


-  INDICATES NEGATIVE NUMBERS.
R  INDICATES RECORD WAS SET OR TIED.
MM INDICATES DATA IS MISSING.
T  INDICATES TRACE AMOUNT.




$$
