332
CDUS44 KLIX 190729
CLINEW


CLIMATE REPORT
NATIONAL WEATHER SERVICE NEW ORLEANS
226 AM CDT THU APR 19 2018


...................................

...THE NEW ORLEANS CLIMATE SUMMARY FOR APRIL 18 2018...

CLIMATE NORMAL PERIOD 1981 TO 2010
CLIMATE RECORD PERIOD 1946 TO 2018


WEATHER ITEM   OBSERVED TIME   RECORD YEAR NORMAL DEPARTURE LAST
                VALUE   (LST)  VALUE       VALUE  FROM      YEAR
                                                  NORMAL
..................................................................
TEMPERATURE (F)
 YESTERDAY
  MAXIMUM         82    152 PM  91    1987  79      3       83
  MINIMUM         62    549 AM  43    1999  61      1       64
                                      1961
  AVERAGE         72                        70      2       74

PRECIPITATION (IN)
  YESTERDAY        0.00          2.40 1991   0.15  -0.15     0.00
  MONTH TO DATE    5.45                      2.73   2.72     2.30
  SINCE MAR 1      8.45                      7.28   1.17     5.18
  SINCE JAN 1     16.09                     17.73  -1.64    12.82

SNOWFALL (IN)
  YESTERDAY        0.0
  MONTH TO DATE    0.0
  SINCE MAR 1      0.0
  SINCE JUL 1      T
  SNOW DEPTH       0

DEGREE DAYS
 HEATING
  YESTERDAY        0                         1     -1        0
  MONTH TO DATE   29                        28      1        7
  SINCE MAR 1    117                       164    -47       66
  SINCE JUL 1   1116                      1273   -157      627

 COOLING
  YESTERDAY        7                         5      2        9
  MONTH TO DATE   49                        76    -27      108
  SINCE MAR 1    157                       139     18      247
  SINCE JAN 1    306                       176    130      367
..................................................................


WIND (MPH)
  HIGHEST WIND SPEED    17   HIGHEST WIND DIRECTION    SW (210)
  HIGHEST GUST SPEED    23   HIGHEST GUST DIRECTION    SW (210)
  AVERAGE WIND SPEED     8.1


SKY COVER
  POSSIBLE SUNSHINE  MM
  AVERAGE SKY COVER 0.2


WEATHER CONDITIONS
 THE FOLLOWING WEATHER WAS RECORDED YESTERDAY.
  NO SIGNIFICANT WEATHER WAS OBSERVED.


RELATIVE HUMIDITY (PERCENT)
 HIGHEST   100           600 AM
 LOWEST     54           100 PM
 AVERAGE    77

..........................................................


THE NEW ORLEANS CLIMATE NORMALS FOR TODAY
                         NORMAL    RECORD    YEAR
 MAXIMUM TEMPERATURE (F)   79        90      1987
 MINIMUM TEMPERATURE (F)   61        45      1983


SUNRISE AND SUNSET
APRIL 19 2018.........SUNRISE   630 AM CDT   SUNSET   731 PM CDT
APRIL 20 2018.........SUNRISE   629 AM CDT   SUNSET   731 PM CDT


-  INDICATES NEGATIVE NUMBERS.
R  INDICATES RECORD WAS SET OR TIED.
MM INDICATES DATA IS MISSING.
T  INDICATES TRACE AMOUNT.




$$
