000
CDUS45 KBOI 250931
CLIONO


CLIMATE REPORT
NATIONAL WEATHER SERVICE BOISE ID
331 AM MDT WED APR 25 2018


...................................

...THE ONTARIO OR CLIMATE SUMMARY FOR APRIL 24 2018...

CLIMATE NORMAL PERIOD 1981 TO 2010
CLIMATE RECORD PERIOD 1948 TO 2018


WEATHER ITEM   OBSERVED TIME   RECORD YEAR NORMAL DEPARTURE LAST
                VALUE   (LST)  VALUE       VALUE  FROM      YEAR
                                                  NORMAL
..................................................................
TEMPERATURE (F)
 YESTERDAY
  MAXIMUM         72    524 PM  94    1977  67      5       61
  MINIMUM         37    507 AM  22    1950  38     -1       46
  AVERAGE         55                        52      3       54

PRECIPITATION (IN)
  YESTERDAY        0.00          0.58 2014   0.03  -0.03     0.20
  MONTH TO DATE    0.55                      0.63  -0.08     0.96
  SINCE OCT 1      5.55                      7.03  -1.48    10.72
  SINCE JAN 1      2.84                      3.62  -0.78     7.40

DEGREE DAYS
 HEATING
  YESTERDAY       10                        13     -3       11
  MONTH TO DATE  319                       371    -52      348
  SINCE MAR 1    932                      1041   -109      900
  SINCE JUL 1   5109                      5671   -562     5774

 COOLING
  YESTERDAY        0                         0      0        0
  MONTH TO DATE    0                         0      0        0
  SINCE MAR 1      0                         0      0        0
  SINCE JAN 1      0                         0      0        0
..................................................................


WIND (MPH)
  HIGHEST WIND SPEED    23   HIGHEST WIND DIRECTION    SE (150)
  HIGHEST GUST SPEED    29   HIGHEST GUST DIRECTION    SE (150)
  AVERAGE WIND SPEED     4.4


SKY COVER
  AVERAGE SKY COVER 0.0


WEATHER CONDITIONS
 THE FOLLOWING WEATHER WAS RECORDED YESTERDAY.
  NO SIGNIFICANT WEATHER WAS OBSERVED.


RELATIVE HUMIDITY (PERCENT)
 HIGHEST    85           600 AM
 LOWEST     25           600 PM
 AVERAGE    55

..........................................................


THE ONTARIO OR CLIMATE NORMALS FOR TODAY
                         NORMAL    RECORD    YEAR
 MAXIMUM TEMPERATURE (F)   68        93      1977
 MINIMUM TEMPERATURE (F)   38        27      2002


SUNRISE AND SUNSET
APRIL 25 2018.........SUNRISE   648 AM MDT   SUNSET   844 PM MDT
APRIL 26 2018.........SUNRISE   647 AM MDT   SUNSET   845 PM MDT


-  INDICATES NEGATIVE NUMBERS.
R  INDICATES RECORD WAS SET OR TIED.
MM INDICATES DATA IS MISSING.
T  INDICATES TRACE AMOUNT.




$$
