152
CDUS41 KBOX 190527
CLIORH


CLIMATE REPORT
NATIONAL WEATHER SERVICE BOSTON/NORTON MA
127 AM EDT THU APR 19 2018


...................................

...THE WORCESTER MA CLIMATE SUMMARY FOR APRIL 18 2018...

CLIMATE NORMAL PERIOD 1981 TO 2010
CLIMATE RECORD PERIOD 1892 TO 2018


WEATHER ITEM   OBSERVED TIME   RECORD YEAR NORMAL DEPARTURE LAST
                VALUE   (LST)  VALUE       VALUE  FROM      YEAR
                                                  NORMAL
..................................................................
TEMPERATURE (F)
 YESTERDAY
  MAXIMUM         45    340 PM  88    1976  56    -11       55
  MINIMUM         30    515 AM  21    1948  38     -8       36
  AVERAGE         38                        47     -9       46

PRECIPITATION (IN)
  YESTERDAY        0.00          1.04 1925   0.13  -0.13     0.00
  MONTH TO DATE    3.76                      2.57   1.19     3.18
  SINCE MAR 1      8.66                      6.78   1.88     7.19
  SINCE JAN 1     17.15                     13.50   3.65    13.54

SNOWFALL (IN)
  YESTERDAY        0.0           5.4  1965   0.1   -0.1      0.0
  MONTH TO DATE    6.6                       2.2    4.4      2.9
  SINCE MAR 1     48.9                      13.6   35.3     20.5
  SINCE JUL 1     95.5                      63.5   32.0     78.3
  SNOW DEPTH      MM

DEGREE DAYS
 HEATING
  YESTERDAY       27                        18      9       19
  MONTH TO DATE  502                       383    119      303
  SINCE MAR 1   1471                      1322    149     1383
  SINCE JUL 1   5972                      6159   -187     5660

 COOLING
  YESTERDAY        0                         0      0        0
  MONTH TO DATE    0                         0      0        6
  SINCE MAR 1      0                         0      0        6
  SINCE JAN 1      0                         0      0        6
..................................................................


WIND (MPH)
  RESULTANT WIND SPEED  14   RESULTANT WIND DIRECTION   W (270)
  HIGHEST WIND SPEED    24   HIGHEST WIND DIRECTION     W (280)
  HIGHEST GUST SPEED    31   HIGHEST GUST DIRECTION     W (280)
  AVERAGE WIND SPEED    13.8


SKY COVER
  POSSIBLE SUNSHINE  MM
  AVERAGE SKY COVER 0.8


WEATHER CONDITIONS
 THE FOLLOWING WEATHER WAS RECORDED YESTERDAY.
  NO SIGNIFICANT WEATHER WAS OBSERVED.


RELATIVE HUMIDITY (PERCENT)
 HIGHEST    78          1200 AM
 LOWEST     53           100 PM
 AVERAGE    66

..........................................................


THE WORCESTER MA CLIMATE NORMALS FOR TODAY
                         NORMAL    RECORD    YEAR
 MAXIMUM TEMPERATURE (F)   57        91      1976
 MINIMUM TEMPERATURE (F)   38        21      1926


SUNRISE AND SUNSET
APRIL 19 2018.........SUNRISE   600 AM EDT   SUNSET   733 PM EDT
APRIL 20 2018.........SUNRISE   559 AM EDT   SUNSET   735 PM EDT


-  INDICATES NEGATIVE NUMBERS.
R  INDICATES RECORD WAS SET OR TIED.
MM INDICATES DATA IS MISSING.
T  INDICATES TRACE AMOUNT.




$$
