323
CDAK49 PAFG 240946
CLIOTZ

CLIMATE REPORT
NATIONAL WEATHER SERVICE FAIRBANKS AK
146 AM AKDT TUE APR 24 2018


...................................

...THE KOTZEBUE AK CLIMATE SUMMARY FOR APRIL 23 2018...

CLIMATE NORMAL PERIOD 1981 TO 2010
CLIMATE RECORD PERIOD 1920 TO 2018


WEATHER ITEM   OBSERVED TIME   RECORD YEAR NORMAL DEPARTURE LAST
                VALUE   (LST)  VALUE       VALUE  FROM      YEAR
                                                  NORMAL
..................................................................
TEMPERATURE (F)
 YESTERDAY
  MAXIMUM         34   1159 PM  45    1931  26      8       39
  MINIMUM         10    524 AM -16    1966  11     -1       17
                                      1948
  AVERAGE         22                        19      3       28

PRECIPITATION (IN)
  YESTERDAY        0.00          0.28 1983   0.02  -0.02     0.00
  MONTH TO DATE    0.03                      0.40  -0.37     0.05
  SINCE MAR 1      2.08                      0.84   1.24     0.08
  SINCE JAN 1      3.46                      2.12   1.34     1.67

SNOWFALL (IN)
  YESTERDAY        0.0           4.5  1937   0.2   -0.2      0.0
  MONTH TO DATE    0.2                       4.1   -3.9      1.3
  SINCE MAR 1     24.5                      10.0   14.5      2.0
  SINCE JUL 1    103.9                      57.6   46.3     52.2
  SNOW DEPTH      48

DEGREE DAYS
 HEATING
  YESTERDAY       43                        47     -4       37
  MONTH TO DATE 1072                      1245   -173      996
  SINCE MAR 1   2683                      3227   -544     3165
  SINCE JUL 1  11369                     13472  -2103    12024

 COOLING
  YESTERDAY        0                         0      0        0
  MONTH TO DATE    0                         0      0        0
  SINCE MAR 1      0                         0      0        0
  SINCE JAN 1      0                         0      0        0
..................................................................


WIND (MPH)
  HIGHEST GUST SPEED    30   HIGHEST GUST DIRECTION     E (100)


SKY COVER
  AVERAGE SKY COVER 0.2


WEATHER CONDITIONS
 THE FOLLOWING WEATHER WAS RECORDED YESTERDAY.
  NO SIGNIFICANT WEATHER WAS OBSERVED.


RELATIVE HUMIDITY (PERCENT)
 HIGHEST    82
 LOWEST     58
 AVERAGE    70

..........................................................


THE KOTZEBUE AK CLIMATE NORMALS FOR TODAY
                         NORMAL    RECORD    YEAR
 MAXIMUM TEMPERATURE (F)   27        48      1980
 MINIMUM TEMPERATURE (F)   12       -20      1966
                                             1960


SUNRISE AND SUNSET
APRIL 24 2018.........SUNRISE   628 AM AKDT  SUNSET  1113 PM AKDT
APRIL 25 2018.........SUNRISE   624 AM AKDT  SUNSET  1117 PM AKDT

-  INDICATES NEGATIVE NUMBERS.
R  INDICATES RECORD WAS SET OR TIED.
MM INDICATES DATA IS MISSING.
T  INDICATES TRACE AMOUNT.

&&

SNOW DEPTH IS MEASURED AT 3AM AKST/4AM AKDT.

----------------------------
AVAILABLE DAYLIGHT

AMOUNT OF DAYLIGHT TODAY  (HOUR:MIN)........16:45
GAIN/LOSS SINCE YESTERDAY (HOUR:MIN:SEC)....+0:07:57

$$
APR 18
