000
CDUS46 KPDT 240026
CLIPDT

CLIMATE REPORT
NATIONAL WEATHER SERVICE PENDLETON OR
526 PM PDT MON APR 23 2018


...................................

...THE PENDLETON OR CLIMATE SUMMARY FOR APRIL 23 2018...
VALID TODAY AS OF 0500 PM LOCAL TIME.

CLIMATE NORMAL PERIOD 1981 TO 2010
CLIMATE RECORD PERIOD 1890 TO 2018


WEATHER ITEM   OBSERVED TIME   RECORD YEAR NORMAL DEPARTURE LAST
                VALUE   (LST)  VALUE       VALUE  FROM      YEAR
                                                  NORMAL
..................................................................
TEMPERATURE (F)
 TODAY
  MAXIMUM         65    358 PM  89    1910  64      1       59
  MINIMUM         32    515 AM  26    2013  40     -8       46
  AVERAGE         49                        52     -3       53

PRECIPITATION (IN)
  TODAY            0.00          0.85 1981   0.04  -0.04     0.01
  MONTH TO DATE    1.37                      0.91   0.46     1.28
  SINCE OCT 1      9.27                      8.77   0.50    13.07
  SINCE JAN 1      5.08                      4.77   0.31     7.55

SNOWFALL (IN)
  TODAY            0.0           0.0  2002   0.0    0.0      0.0
                                      2001
                                      2000
  MONTH TO DATE    T                         0.0    0.0       T
  SINCE JAN 1      5.0                       7.7   -2.7     25.9
  SINCE JUL 1     15.0                      15.2   -0.2     44.4
  SNOW DEPTH       0

DEGREE DAYS
 HEATING
  TODAY           16                        13      3       12
  MONTH TO DATE  355                       345     10      358
  SINCE MAR 1    993                       962     31      943
  SINCE JUL 1   4770                      4861    -91     5245

 COOLING
  TODAY            0                         0      0        0
  MONTH TO DATE    0                         0      0        0
  SINCE MAR 1      0                         0      0        0
  SINCE JAN 1      0                         0      0        0
..................................................................


WIND (MPH)
  HIGHEST WIND SPEED    15   HIGHEST WIND DIRECTION     N (10)
  HIGHEST GUST SPEED    19   HIGHEST GUST DIRECTION    NE (40)
  AVERAGE WIND SPEED     7.5


SKY COVER
  POSSIBLE SUNSHINE  MM
  AVERAGE SKY COVER 0.0


WEATHER CONDITIONS
 THE FOLLOWING WEATHER WAS RECORDED TODAY.
  NO SIGNIFICANT WEATHER WAS OBSERVED.


RELATIVE HUMIDITY (PERCENT)
 HIGHEST    78           500 AM
 LOWEST     19           100 PM
 AVERAGE    49

..........................................................


THE PENDLETON OR CLIMATE NORMALS FOR TOMORROW
                         NORMAL    RECORD    YEAR
 MAXIMUM TEMPERATURE (F)   64        91      1977
 MINIMUM TEMPERATURE (F)   40        21      1924


SUNRISE AND SUNSET
APRIL 23 2018.........SUNRISE   556 AM PDT   SUNSET   752 PM PDT
APRIL 24 2018.........SUNRISE   554 AM PDT   SUNSET   754 PM PDT


-  INDICATES NEGATIVE NUMBERS.
R  INDICATES RECORD WAS SET OR TIED.
MM INDICATES DATA IS MISSING.
T  INDICATES TRACE AMOUNT.




$$
