000
CDUS41 KPBZ 230703
CLIPHD


CLIMATE REPORT
NATIONAL WEATHER SERVICE PITTSBURGH PA
302 AM EDT WED MAY 23 2018


...................................

...THE NEW PHILADELPHIA OH CLIMATE SUMMARY FOR MAY 22 2018...

CLIMATE NORMAL PERIOD 1981 TO 2010
CLIMATE RECORD PERIOD 1948 TO 2018


WEATHER ITEM   OBSERVED TIME   RECORD YEAR NORMAL DEPARTURE LAST
                VALUE   (LST)  VALUE       VALUE  FROM      YEAR
                                                  NORMAL
..................................................................
TEMPERATURE (F)
 YESTERDAY
  MAXIMUM         81    443 PM  89    1977  74      7       69
                                      1975
  MINIMUM         64            31    2002  50     14       50
  AVERAGE         73                        62     11       60

PRECIPITATION (IN)
  YESTERDAY        0.15          1.91 1949   0.15   0.00      T
  MONTH TO DATE    2.12                      2.83  -0.71     4.08
  SINCE JUN 1     37.40                     37.56  -0.16    39.92
  SINCE JAN 1     16.88                     14.26   2.62    19.34

DEGREE DAYS
 HEATING
  YESTERDAY        0                         5     -5        5
  MONTH TO DATE   19                       158   -139      158
  SINCE MAR 1   1496                      1366    130     1176
  SINCE JUL 1   5586                      5573     13     4673

 COOLING
  YESTERDAY        8                         2      6        0
  MONTH TO DATE   72                        15     57       26
  SINCE MAR 1     80                        22     58       51
  SINCE JAN 1     85                        22     63       51
..................................................................


WIND (MPH)
  HIGHEST WIND SPEED    30   HIGHEST WIND DIRECTION     W (290)
  HIGHEST GUST SPEED    41   HIGHEST GUST DIRECTION     W (290)
  AVERAGE WIND SPEED     4.2


SKY COVER
  POSSIBLE SUNSHINE  MM
  AVERAGE SKY COVER 0.8


WEATHER CONDITIONS
 THE FOLLOWING WEATHER WAS RECORDED YESTERDAY.
  THUNDERSTORM
  RAIN
  LIGHT RAIN
  FOG


RELATIVE HUMIDITY (PERCENT)
 HIGHEST   100          1200 AM
 LOWEST     62           300 PM
 AVERAGE    81

..........................................................


THE NEW PHILADELPHIA OH CLIMATE NORMALS FOR TODAY
                         NORMAL    RECORD    YEAR
 MAXIMUM TEMPERATURE (F)   74        88      2009
                                             1991
 MINIMUM TEMPERATURE (F)   50        32      1967


SUNRISE AND SUNSET
MAY 23 2018...........SUNRISE   603 AM EDT   SUNSET   843 PM EDT
MAY 24 2018...........SUNRISE   602 AM EDT   SUNSET   844 PM EDT


-  INDICATES NEGATIVE NUMBERS.
R  INDICATES RECORD WAS SET OR TIED.
MM INDICATES DATA IS MISSING.
T  INDICATES TRACE AMOUNT.




$$
