000
CDUS41 KPBZ 252113
CLIPIT

CLIMATE REPORT
NATIONAL WEATHER SERVICE PITTSBURGH PA
512 PM EDT WED APR 25 2018

...................................

...THE PITTSBURGH PA CLIMATE SUMMARY FOR APRIL 25 2018...
VALID TODAY AS OF 0500 PM LOCAL TIME.

CLIMATE NORMAL PERIOD 1981 TO 2010
CLIMATE RECORD PERIOD 1871 TO 2018

WEATHER ITEM   OBSERVED TIME   RECORD YEAR NORMAL DEPARTURE LAST
                VALUE   (LST)  VALUE       VALUE  FROM      YEAR
                                                  NORMAL
..................................................................
TEMPERATURE (F)
 TODAY
  MAXIMUM         58    948 AM  87    2009  65     -7       66
                                      1990
  MINIMUM         50    649 AM  27    1919  43      7       50
  AVERAGE         54                        54      0       58

PRECIPITATION (IN)
  TODAY            T             1.54 1937   0.10  -0.10     0.10
  MONTH TO DATE    4.40                      2.59   1.81     2.43
  SINCE JUN 1     42.12                     33.72   8.40    33.84
  SINCE JAN 1     18.68                     10.63   8.05    12.45

SNOWFALL (IN)
  TODAY            0.0           0.5  1919   0.0    0.0      0.0
  MONTH TO DATE    7.3                       1.5    5.8       T
  SINCE OCT 1     59.8                      41.9   17.9     32.0
  SINCE JUL 1     59.8                      41.9   17.9     32.0
  SNOW DEPTH       0

DEGREE DAYS
 HEATING
  TODAY           11                        11      0        7
  MONTH TO DATE  479                       378    101      240
  SINCE MAR 1   1405                      1166    239     1013
  SINCE JUL 1   5413                      5423    -10     4439

 COOLING
  TODAY            0                         0      0        0
  MONTH TO DATE   12                         0     12       12
  SINCE MAR 1     12                         1     11       14
  SINCE JAN 1     16                         1     15       15
..................................................................

WIND (MPH)
  HIGHEST WIND SPEED    21   HIGHEST WIND DIRECTION    NW (330)
  HIGHEST GUST SPEED    26   HIGHEST GUST DIRECTION    NW (310)
  AVERAGE WIND SPEED     4.1


SKY COVER
  POSSIBLE SUNSHINE  MM
  AVERAGE SKY COVER 0.9


WEATHER CONDITIONS
 THE FOLLOWING WEATHER WAS RECORDED TODAY.
  LIGHT RAIN
  FOG
  HAZE


RELATIVE HUMIDITY (PERCENT)
 HIGHEST    93           200 AM
 LOWEST     77          1000 AM
 AVERAGE    85

..........................................................


THE PITTSBURGH PA CLIMATE NORMALS FOR TOMORROW
                         NORMAL    RECORD    YEAR
 MAXIMUM TEMPERATURE (F)   65        87      1990
                                             1942
                                             1915
 MINIMUM TEMPERATURE (F)   44        29      1981
                                             1919


SUNRISE AND SUNSET
APRIL 25 2018.........SUNRISE   628 AM EDT   SUNSET   810 PM EDT
APRIL 26 2018.........SUNRISE   626 AM EDT   SUNSET   811 PM EDT


-  INDICATES NEGATIVE NUMBERS.
R  INDICATES RECORD WAS SET OR TIED.
MM INDICATES DATA IS MISSING.
T  INDICATES TRACE AMOUNT.

&&

&&

SNOW DEPTH IS MEASURED AT 7 AM EST OR 8 AM EDT.

SNOW DEPTH IS MEASURED AT 8 AM EDT.

$$
$$
