000
CDUS44 KMOB 272234
CLIPNS


CLIMATE REPORT
NATIONAL WEATHER SERVICE MOBILE AL
533 PM CDT SUN MAY 27 2018


...................................

...THE PENSACOLA CLIMATE SUMMARY FOR MAY 27 2018...
VALID TODAY AS OF 0500 PM LOCAL TIME.

CLIMATE NORMAL PERIOD 1981 TO 2010
CLIMATE RECORD PERIOD 1879 TO 2018


WEATHER ITEM   OBSERVED TIME   RECORD YEAR NORMAL DEPARTURE LAST
                VALUE   (LST)  VALUE       VALUE  FROM      YEAR
                                                  NORMAL
..................................................................
TEMPERATURE (F)
 TODAY
  MAXIMUM         86    109 PM 102    1953  86      0       87
  MINIMUM         73    558 AM  50    1961  69      4       73
  AVERAGE         80                        77      3       80

PRECIPITATION (IN)
  TODAY            0.00          2.92 2009   0.13  -0.13     0.00
  MONTH TO DATE    3.45                      3.59  -0.14     5.92
  SINCE MAR 1      9.46                     13.72  -4.26    11.99
  SINCE JAN 1     22.76                     23.41  -0.65    27.34

DEGREE DAYS
 COOLING
  TODAY           15                        12      3       15
  MONTH TO DATE  359                       246    113      286
  SINCE MAR 1    514                       380    134      624
  SINCE JAN 1    612                       394    218      734
..................................................................


WIND (MPH)
  HIGHEST WIND SPEED    17   HIGHEST WIND DIRECTION     N (20)
  HIGHEST GUST SPEED    23   HIGHEST GUST DIRECTION     N (20)
  AVERAGE WIND SPEED     8.7


SKY COVER
  POSSIBLE SUNSHINE  MM
  AVERAGE SKY COVER 0.2


WEATHER CONDITIONS
 THE FOLLOWING WEATHER WAS RECORDED TODAY.
  NO SIGNIFICANT WEATHER WAS OBSERVED.


RELATIVE HUMIDITY (PERCENT)
 HIGHEST    93           200 AM
 LOWEST     51          1200 PM
 AVERAGE    72

..........................................................


THE PENSACOLA CLIMATE NORMALS FOR TOMORROW
                         NORMAL    RECORD    YEAR
 MAXIMUM TEMPERATURE (F)   86        98      2012
 MINIMUM TEMPERATURE (F)   69        55      1961


SUNRISE AND SUNSET
MAY 27 2018...........SUNRISE   549 AM CDT   SUNSET   744 PM CDT
MAY 28 2018...........SUNRISE   548 AM CDT   SUNSET   744 PM CDT


-  INDICATES NEGATIVE NUMBERS.
R  INDICATES RECORD WAS SET OR TIED.
MM INDICATES DATA IS MISSING.
T  INDICATES TRACE AMOUNT.




$$
