000
CDUS46 KSGX 201125
CLIPSP


CLIMATE REPORT
NATIONAL WEATHER SERVICE SAN DIEGO, CA
425 AM PDT FRI APR 20 2018


...................................

...THE PALM SPRINGS INTL AIRPORT CA CLIMATE SUMMARY FOR APRIL 19 2018...

CLIMATE NORMAL PERIOD 1981 TO 2010
CLIMATE RECORD PERIOD 1893 TO 2018


WEATHER ITEM   OBSERVED TIME   RECORD YEAR NORMAL DEPARTURE LAST
                VALUE   (LST)  VALUE       VALUE  FROM      YEAR
                                                  NORMAL
..................................................................
TEMPERATURE (F)
 YESTERDAY
  MAXIMUM         76    255 PM 104    1980  85     -9       92
                                      1950
  MINIMUM         56    532 AM  34    1968  58     -2       66
  AVERAGE         66                        72     -6       79

PRECIPITATION (IN)
  YESTERDAY        0.00          0.04 1923   0.00   0.00     0.00
  MONTH TO DATE    0.00                      0.07  -0.07     0.00
  SINCE OCT 1      1.69                      4.56  -2.87     6.97
  SINCE JAN 1      1.69                      2.71  -1.02     5.18

DEGREE DAYS
 HEATING
  YESTERDAY        0                         0      0        0
  MONTH TO DATE    0                        17    -17        0
  SINCE MAR 1     42                        90    -48       19
  SINCE JUL 1    335                       868   -533      679

 COOLING
  YESTERDAY        1                         7     -6       14
  MONTH TO DATE  208                       107    101      193
  SINCE MAR 1    329                       200    129      439
  SINCE JAN 1    442                       227    215      484
..................................................................


WIND (MPH)
  RESULTANT WIND SPEED   5   RESULTANT WIND DIRECTION   N (360)
  HIGHEST WIND SPEED    39   HIGHEST WIND DIRECTION    NW (330)
  HIGHEST GUST SPEED    56   HIGHEST GUST DIRECTION     N (340)
  AVERAGE WIND SPEED     9.0


SKY COVER
  POSSIBLE SUNSHINE  MM
  AVERAGE SKY COVER 0.0


WEATHER CONDITIONS
 THE FOLLOWING WEATHER WAS RECORDED YESTERDAY.
  NO SIGNIFICANT WEATHER WAS OBSERVED.


RELATIVE HUMIDITY (PERCENT)
 HIGHEST    40           600 AM
 LOWEST     16           300 PM
 AVERAGE    28

..........................................................


THE PALM SPRINGS INTL AIRPORT CA CLIMATE NORMALS FOR TODAY
                         NORMAL    RECORD    YEAR
 MAXIMUM TEMPERATURE (F)   86       106      1958
 MINIMUM TEMPERATURE (F)   58        39      1967


SUNRISE AND SUNSET
APRIL 20 2018.........SUNRISE   609 AM PDT   SUNSET   721 PM PDT
APRIL 21 2018.........SUNRISE   608 AM PDT   SUNSET   722 PM PDT


-  INDICATES NEGATIVE NUMBERS.
R  INDICATES RECORD WAS SET OR TIED.
MM INDICATES DATA IS MISSING.
T  INDICATES TRACE AMOUNT.




$$
