000
CDUS41 KGYX 250810
CLIPWM


CLIMATE REPORT
NATIONAL WEATHER SERVICE GRAY ME
408 AM EDT WED APR 25 2018


...................................

...THE PORTLAND ME CLIMATE SUMMARY FOR APRIL 24 2018...

CLIMATE NORMAL PERIOD 1981 TO 2010
CLIMATE RECORD PERIOD 1941 TO 2018


WEATHER ITEM   OBSERVED TIME   RECORD YEAR NORMAL DEPARTURE LAST
                VALUE   (LST)  VALUE       VALUE  FROM      YEAR
                                                  NORMAL
..................................................................
TEMPERATURE (F)
 YESTERDAY
  MAXIMUM         64   1237 PM  75    2001  57      7       62
                                      1994
  MINIMUM         36    152 AM  25    1945  37     -1       35
  AVERAGE         50                        47      3       49

PRECIPITATION (IN)
  YESTERDAY        0.00          2.76 1983   0.14  -0.14     0.00
  MONTH TO DATE    3.87                      3.45   0.42     4.55
  SINCE MAR 1      7.07                      7.69  -0.62     8.05
  SINCE JAN 1     14.70                     14.32   0.38    16.25

SNOWFALL (IN)
  YESTERDAY        0.0           5.5  1906   0.1   -0.1      0.0
  MONTH TO DATE    0.7                       2.7   -2.0      7.9
  SINCE MAR 1     33.7                      15.4   18.3     29.1
  SINCE JUL 1     91.9                      61.8   30.1     95.3
  SNOW DEPTH       0

DEGREE DAYS
 HEATING
  YESTERDAY       15                        18     -3       16
  MONTH TO DATE  602                       528     74      470
  SINCE MAR 1   1558                      1504     54     1584
  SINCE JUL 1   6262                      6546   -284     6062

 COOLING
  YESTERDAY        0                         0      0        0
  MONTH TO DATE    0                         0      0        2
  SINCE MAR 1      0                         0      0        2
  SINCE JAN 1      0                         0      0        2
..................................................................


WIND (MPH)
  RESULTANT WIND SPEED  12   RESULTANT WIND DIRECTION   S (180)
  HIGHEST WIND SPEED    29   HIGHEST WIND DIRECTION     S (180)
  HIGHEST GUST SPEED    39   HIGHEST GUST DIRECTION     S (190)
  AVERAGE WIND SPEED    12.4


SKY COVER
  AVERAGE SKY COVER 0.5


WEATHER CONDITIONS
 THE FOLLOWING WEATHER WAS RECORDED YESTERDAY.
  NO SIGNIFICANT WEATHER WAS OBSERVED.


RELATIVE HUMIDITY (PERCENT)
 HIGHEST    75           200 AM
 LOWEST     32           800 AM
 AVERAGE    54

..........................................................


THE PORTLAND ME CLIMATE NORMALS FOR TODAY
                         NORMAL    RECORD    YEAR
 MAXIMUM TEMPERATURE (F)   57        79      1942
 MINIMUM TEMPERATURE (F)   38        21      1965


SUNRISE AND SUNSET
APRIL 25 2018.........SUNRISE   543 AM EDT   SUNSET   737 PM EDT
APRIL 26 2018.........SUNRISE   541 AM EDT   SUNSET   738 PM EDT


-  INDICATES NEGATIVE NUMBERS.
R  INDICATES RECORD WAS SET OR TIED.
MM INDICATES DATA IS MISSING.
T  INDICATES TRACE AMOUNT.




$$
