908
CDUS46 KMFR 220838
CLIRBG


CLIMATE REPORT
NATIONAL WEATHER SERVICE MEDFORD, OR
138 AM PDT SUN APR 22 2018


...................................

...THE ROSEBURG OR CLIMATE SUMMARY FOR APRIL 21 2018...

CLIMATE NORMAL PERIOD 1981 TO 2010
CLIMATE RECORD PERIOD 1931 TO 2018


WEATHER ITEM   OBSERVED TIME   RECORD YEAR NORMAL DEPARTURE LAST
                VALUE   (LST)  VALUE       VALUE  FROM      YEAR
                                                  NORMAL
..................................................................
TEMPERATURE (F)
 YESTERDAY
  MAXIMUM         67    348 PM  85    2009  64      3       74
  MINIMUM         44    214 AM  31    1951  43      1       40
  AVERAGE         56                        53      3       57

PRECIPITATION (IN)
  YESTERDAY        T             0.70 2004   0.09  -0.09     0.00
  MONTH TO DATE    1.56                      2.08  -0.52     1.65
  SINCE OCT 1     19.71                     30.27 -10.56    39.28
  SINCE JAN 1     11.34                     14.62  -3.28    20.36

SNOWFALL (IN)
  YESTERDAY       MM                        MM     MM       MM
  MONTH TO DATE   MM                        MM     MM       MM
  SINCE JUL 1     MM                        MM     MM       MM
  SNOW DEPTH      MM

DEGREE DAYS
 HEATING
  YESTERDAY        9                        12     -3        8
  MONTH TO DATE  270                       287    -17      249
  SINCE MAR 1    805                       797      8      703
  SINCE JUL 1   3559                      3666   -107     3419

 COOLING
  YESTERDAY        0                         0      0        0
  MONTH TO DATE    0                         0      0        0
  SINCE MAR 1      0                         0      0        0
  SINCE JAN 1      0                         0      0        0
..................................................................


WIND (MPH)
  RESULTANT WIND SPEED   5   RESULTANT WIND DIRECTION   N (350)
  HIGHEST WIND SPEED    17   HIGHEST WIND DIRECTION     N (10)
  HIGHEST GUST SPEED    23   HIGHEST GUST DIRECTION     N (360)
  AVERAGE WIND SPEED     6.2


SKY COVER
  POSSIBLE SUNSHINE  MM
  AVERAGE SKY COVER 0.4


WEATHER CONDITIONS
 THE FOLLOWING WEATHER WAS RECORDED YESTERDAY.
  LIGHT RAIN
  FOG


RELATIVE HUMIDITY (PERCENT)
 HIGHEST    77           700 AM
 LOWEST     25           700 PM
 AVERAGE    51

..........................................................


THE ROSEBURG OR CLIMATE NORMALS FOR TODAY
                         NORMAL    RECORD    YEAR
 MAXIMUM TEMPERATURE (F)   64        87      2012
 MINIMUM TEMPERATURE (F)   43        32      2011


SUNRISE AND SUNSET
APRIL 22 2018.........SUNRISE   620 AM PDT   SUNSET   805 PM PDT
APRIL 23 2018.........SUNRISE   618 AM PDT   SUNSET   806 PM PDT


-  INDICATES NEGATIVE NUMBERS.
R  INDICATES RECORD WAS SET OR TIED.
MM INDICATES DATA IS MISSING.
T  INDICATES TRACE AMOUNT.




$$
