119
CDUS41 KAKQ 210731
CLIRIC


CLIMATE REPORT
NATIONAL WEATHER SERVICE WAKEFIELD, VA
329 AM EDT MON MAY 21 2018


...................................

...THE RICHMOND VA CLIMATE SUMMARY FOR MAY 20 2018...

CLIMATE NORMAL PERIOD 1981 TO 2010
CLIMATE RECORD PERIOD 1871 TO 2018


WEATHER ITEM   OBSERVED TIME   RECORD YEAR NORMAL DEPARTURE LAST
                VALUE   (LST)  VALUE       VALUE  FROM      YEAR
                                                  NORMAL
..................................................................
TEMPERATURE (F)
 YESTERDAY
  MAXIMUM         88    401 PM  96    1934  79      9       79
  MINIMUM         71    616 AM  41    2002  56     15       58
                                      1976
  AVERAGE         80                        67     13       69

PRECIPITATION (IN)
  YESTERDAY        0.00          3.22 1889   0.13  -0.13     0.00
  MONTH TO DATE    8.84                      2.34   6.50     4.05
  SINCE MAR 1     14.75                      9.65   5.10    10.01
  SINCE JAN 1     20.20                     15.45   4.75    15.01

SNOWFALL (IN)
  YESTERDAY        0.0           0.0  2002   0.0    0.0
                                      2001
  MONTH TO DATE    0.0                       0.0    0.0
  SINCE NOV 1     12.4                      10.3    2.1
  SINCE JUL 1     12.4                      10.3    2.1
  SNOW DEPTH       0

DEGREE DAYS
 HEATING
  YESTERDAY        0                         2     -2        0
  MONTH TO DATE    4                        60    -56       75
  SINCE MAR 1    947                       816    131      679
  SINCE JUL 1   3711                      3752    -41     3161

 COOLING
  YESTERDAY       15                         4     11        4
  MONTH TO DATE  147                        57     90       61
  SINCE MAR 1    169                        99     70      166
  SINCE JAN 1    175                        99     76      166
..................................................................


WIND (MPH)
  HIGHEST WIND SPEED    20   HIGHEST WIND DIRECTION     S (190)
  HIGHEST GUST SPEED    26   HIGHEST GUST DIRECTION     S (200)
  AVERAGE WIND SPEED    10.3


SKY COVER
  POSSIBLE SUNSHINE  MM
  AVERAGE SKY COVER 0.8


WEATHER CONDITIONS
 THE FOLLOWING WEATHER WAS RECORDED YESTERDAY.
  NO SIGNIFICANT WEATHER WAS OBSERVED.


RELATIVE HUMIDITY (PERCENT)
 HIGHEST    94           900 PM
 LOWEST     53           400 PM
 AVERAGE    74

..........................................................


THE RICHMOND VA CLIMATE NORMALS FOR TODAY
                         NORMAL    RECORD    YEAR
 MAXIMUM TEMPERATURE (F)   79        93      1962
                                             1934
 MINIMUM TEMPERATURE (F)   57        39      1950


SUNRISE AND SUNSET
MAY 21 2018...........SUNRISE   556 AM EDT   SUNSET   817 PM EDT
MAY 22 2018...........SUNRISE   555 AM EDT   SUNSET   817 PM EDT


-  INDICATES NEGATIVE NUMBERS.
R  INDICATES RECORD WAS SET OR TIED.
MM INDICATES DATA IS MISSING.
T  INDICATES TRACE AMOUNT.




$$
