000
CDUS42 KFFC 242058
CLIRMG


CLIMATE REPORT
NATIONAL WEATHER SERVICE PEACHTREE CITY GA
457 PM EDT THU MAY 24 2018


...................................

...THE ROME  CLIMATE SUMMARY FOR MAY 24 2018...
VALID TODAY AS OF 0400 PM LOCAL TIME.

CLIMATE NORMAL PERIOD 1981 TO 2010
CLIMATE RECORD PERIOD 9999 TO 9999


WEATHER ITEM   OBSERVED TIME   RECORD YEAR NORMAL DEPARTURE LAST
                VALUE   (LST)  VALUE       VALUE  FROM      YEAR
                                                  NORMAL
..................................................................
TEMPERATURE (F)
 TODAY
  MAXIMUM         88    253 PM  MM      MM  83      5       76
  MINIMUM         66    516 AM  MM      MM  58      8       60
  AVERAGE         77                        71      6       68

PRECIPITATION (IN)
  TODAY            0.00         MM      MM   0.12  -0.12     0.53
  MONTH TO DATE    1.40                      3.34  -1.94     4.81
  SINCE MAR 1      9.64                     12.34  -2.70    15.59
  SINCE JAN 1     18.47                     22.03  -3.56    26.85

DEGREE DAYS
 COOLING
  TODAY           12                         6      6        3
  MONTH TO DATE  203                        86    117      137
  SINCE MAR 1    213                       119     94      279
  SINCE JAN 1    239                       119    120      279
..................................................................


WIND (MPH)
  RESULTANT WIND SPEED   1   RESULTANT WIND DIRECTION   E (110)
  HIGHEST WIND SPEED    10   HIGHEST WIND DIRECTION    SE (130)
  HIGHEST GUST SPEED    17   HIGHEST GUST DIRECTION     S (160)
  AVERAGE WIND SPEED     1.9


SKY COVER
  AVERAGE SKY COVER 0.1


WEATHER CONDITIONS
 THE FOLLOWING WEATHER WAS RECORDED TODAY.
  NO SIGNIFICANT WEATHER WAS OBSERVED.


RELATIVE HUMIDITY (PERCENT)
 HIGHEST   100          1200 AM
 LOWEST     55           300 PM
 AVERAGE    78

..........................................................


THE ROME  CLIMATE NORMALS FOR TOMORROW
                         NORMAL    RECORD    YEAR
 MAXIMUM TEMPERATURE (F)   83        MM        MM
 MINIMUM TEMPERATURE (F)   59        MM        MM


SUNRISE AND SUNSET
MAY 24 2018...........SUNRISE   633 AM EDT   SUNSET   843 PM EDT
MAY 25 2018...........SUNRISE   632 AM EDT   SUNSET   843 PM EDT


-  INDICATES NEGATIVE NUMBERS.
R  INDICATES RECORD WAS SET OR TIED.
MM INDICATES DATA IS MISSING.
T  INDICATES TRACE AMOUNT.




$$
