000
CDUS41 KRNK 232109
CLIRNK


CLIMATE REPORT
NATIONAL WEATHER SERVICE BLACKSBURG VA
508 PM EDT WED MAY 23 2018


...................................

...THE BLACKSBURG VA CLIMATE SUMMARY FOR MAY 23 2018...
VALID TODAY AS OF 0500 PM LOCAL TIME.

CLIMATE NORMAL PERIOD 1981 TO 2010
CLIMATE RECORD PERIOD 1952 TO 2018


WEATHER ITEM   OBSERVED RECORD YEAR NORMAL DEPARTURE LAST
                VALUE   VALUE       VALUE  FROM      YEAR
                                           NORMAL
...........................................................
TEMPERATURE (F)
 TODAY
  MAXIMUM         79     87    1953  73      6       58
  MINIMUM         59     30    2002  49     10       54
  AVERAGE         69                 61      8       56

PRECIPITATION (IN)
  TODAY            0.00   1.90 1984   0.15  -0.15     0.96
  MONTH TO DATE    3.99               3.07   0.92     4.77
  SINCE MAR 1     13.06              10.19   2.87    13.93
  SINCE JAN 1     19.33              16.08   3.25    19.71

SNOWFALL (IN)
  TODAY            0.0                                0.0
  MONTH TO DATE    0.0                                0.0
  SINCE MAR 1     23.9                                1.1
  SINCE JUL 1     31.3                                7.7
  SNOW DEPTH       0

DEGREE DAYS
 HEATING
  TODAY            0                  5     -5        9
  MONTH TO DATE   33                170   -137      138
  SINCE MAR 1   1329               1327      2     1056
  SINCE JUL 1   4990               5375   -385     4148

 COOLING
  TODAY            4                  1      3        0
  MONTH TO DATE   57                 12     45       27
  SINCE MAR 1     57                 15     42       46
  SINCE JAN 1     58                 15     43       46
...........................................................


WIND (MPH)
  HIGHEST WIND SPEED    12   HIGHEST WIND DIRECTION    NW (330)
  HIGHEST GUST SPEED    17   HIGHEST GUST DIRECTION    NW (320)
  AVERAGE WIND SPEED     3.6


SKY COVER
  AVERAGE SKY COVER 0.7


WEATHER CONDITIONS
 THE FOLLOWING WEATHER WAS RECORDED TODAY.
  FOG
  FOG W/VISIBILITY <= 1/4 MILE


RELATIVE HUMIDITY (PERCENT)
 HIGHEST   100          1200 AM
 LOWEST     58           300 PM
 AVERAGE    79

..........................................................


THE BLACKSBURG VA CLIMATE NORMALS FOR TOMORROW
                         NORMAL    RECORD    YEAR
 MAXIMUM TEMPERATURE (F)   73        84      1994
 MINIMUM TEMPERATURE (F)   50        31      1967


SUNRISE AND SUNSET
MAY 23 2018...........SUNRISE   607 AM EDT   SUNSET   830 PM EDT
MAY 24 2018...........SUNRISE   607 AM EDT   SUNSET   831 PM EDT


-  INDICATES NEGATIVE NUMBERS.
R  INDICATES RECORD WAS SET OR TIED.
MM INDICATES DATA IS MISSING.
T  INDICATES TRACE AMOUNT.

REMARKS:
DUE TO MISSING TEMPERATURES FROM SEPTEMBER 8-10...THE HEATING DEGREE
DAY AND DEPARTURE FROM NORMAL WILL BE CALCULATED WITHOUT DATA FROM
THESE DATES.


$$
