000
CDUS42 KCHS 230603
CLISAV


CLIMATE REPORT
NATIONAL WEATHER SERVICE CHARLESTON SC
202 AM EDT MON APR 23 2018


...................................

...THE SAVANNAH GA CLIMATE SUMMARY FOR APRIL 22 2018...

CLIMATE NORMAL PERIOD 1981 TO 2010
CLIMATE RECORD PERIOD 1871 TO 2018


WEATHER ITEM   OBSERVED TIME   RECORD YEAR NORMAL DEPARTURE LAST
                VALUE   (LST)  VALUE       VALUE  FROM      YEAR
                                                  NORMAL
..................................................................
TEMPERATURE (F)
 YESTERDAY
  MAXIMUM         75    930 AM  92    1988  79     -4       89
  MINIMUM         60    541 AM  40    1962  55      5       63
  AVERAGE         68                        67      1       76

PRECIPITATION (IN)
  YESTERDAY        0.01          2.01 1994   0.10  -0.09     0.00
  MONTH TO DATE    1.20                      2.35  -1.15     2.84
  SINCE MAR 1      2.42                      6.08  -3.66     3.34
  SINCE JAN 1      5.25                     12.56  -7.31    12.17

SNOWFALL (IN)
  YESTERDAY        0.0                       0.0    0.0
  SINCE MAR 1      0.0                       T      0.0
  SINCE JUL 1      1.2                       0.3    0.9

DEGREE DAYS
 HEATING
  YESTERDAY        0                         2     -2        0
  MONTH TO DATE   85                        66     19       19
  SINCE MAR 1    327                       276     51      212
  SINCE JUL 1   1602                      1793   -191     1022

 COOLING
  YESTERDAY        3                         4     -1       11
  MONTH TO DATE   46                        59    -13      114
  SINCE MAR 1     78                        91    -13      189
  SINCE JAN 1    160                       101     59      247
..................................................................


WIND (MPH)
  HIGHEST WIND SPEED    23   HIGHEST WIND DIRECTION    SE (120)
  HIGHEST GUST SPEED    29   HIGHEST GUST DIRECTION    SE (120)
  AVERAGE WIND SPEED    12.1


SKY COVER
  POSSIBLE SUNSHINE  MM
  AVERAGE SKY COVER 0.9


WEATHER CONDITIONS
 THE FOLLOWING WEATHER WAS RECORDED YESTERDAY.
  LIGHT RAIN


RELATIVE HUMIDITY (PERCENT)
 HIGHEST    90           600 AM
 LOWEST     49          1100 AM
 AVERAGE    70

..........................................................


THE SAVANNAH GA CLIMATE NORMALS FOR TODAY
                         NORMAL    RECORD    YEAR
 MAXIMUM TEMPERATURE (F)   79        92      1980
 MINIMUM TEMPERATURE (F)   55        38      1993


SUNRISE AND SUNSET
APRIL 23 2018.........SUNRISE   647 AM EDT   SUNSET   800 PM EDT
APRIL 24 2018.........SUNRISE   646 AM EDT   SUNSET   801 PM EDT


-  INDICATES NEGATIVE NUMBERS.
R  INDICATES RECORD WAS SET OR TIED.
MM INDICATES DATA IS MISSING.
T  INDICATES TRACE AMOUNT.




$$
