000
CDUS46 KOTX 190834
CLISFF


CLIMATE REPORT
NATIONAL WEATHER SERVICE SPOKANE, WA
134 AM PDT THU APR 19 2018


...................................

...THE SPOKANE WA FELTS AIRPORT CLIMATE SUMMARY FOR APRIL 18 2018...

CLIMATE NORMAL PERIOD 1981 TO 2010
CLIMATE RECORD PERIOD 9999 TO 9999


WEATHER ITEM   OBSERVED TIME   RECORD YEAR NORMAL DEPARTURE LAST
                VALUE   (LST)  VALUE       VALUE  FROM      YEAR
                                                  NORMAL
..................................................................
TEMPERATURE (F)
 YESTERDAY
  MAXIMUM         58    346 PM  MM      MM  59     -1       60
  MINIMUM         32    534 AM  MM      MM  36     -4       39
  AVERAGE         45                        48     -3       50

PRECIPITATION (IN)
  YESTERDAY        0.00         MM      MM   0.04  -0.04     0.07
  MONTH TO DATE    2.34                      0.79   1.55     1.55
  SINCE OCT 1     14.25                     11.89   2.36    19.26
  SINCE JAN 1      7.35                      5.69   1.66    10.17

SNOWFALL (IN)
  YESTERDAY       MM

DEGREE DAYS
 HEATING
  YESTERDAY       20                        17      3       15
  MONTH TO DATE  361                       341     20      337
  SINCE MAR 1   1106                      1091     15     1020
  SINCE JUL 1   5423                      5662   -239     5616

 COOLING
  YESTERDAY        0                         0      0        0
  MONTH TO DATE    0                         0      0        0
  SINCE MAR 1      0                         0      0        0
  SINCE JAN 1      0                         0      0        0
..................................................................


WIND (MPH)
  HIGHEST WIND SPEED     9   HIGHEST WIND DIRECTION    SE (130)
  HIGHEST GUST SPEED    16   HIGHEST GUST DIRECTION     E (80)
  AVERAGE WIND SPEED     3.8


SKY COVER
  POSSIBLE SUNSHINE  MM
  AVERAGE SKY COVER 0.1


WEATHER CONDITIONS
 THE FOLLOWING WEATHER WAS RECORDED YESTERDAY.
  NO SIGNIFICANT WEATHER WAS OBSERVED.


RELATIVE HUMIDITY (PERCENT)
 HIGHEST    89           400 AM
 LOWEST     30           300 PM
 AVERAGE    60

..........................................................


THE SPOKANE WA FELTS AIRPORT CLIMATE NORMALS FOR TODAY
                         NORMAL    RECORD    YEAR
 MAXIMUM TEMPERATURE (F)   59        MM        MM
 MINIMUM TEMPERATURE (F)   36        MM        MM


SUNRISE AND SUNSET
APRIL 19 2018.........SUNRISE   553 AM PDT   SUNSET   745 PM PDT
APRIL 20 2018.........SUNRISE   551 AM PDT   SUNSET   746 PM PDT


-  INDICATES NEGATIVE NUMBERS.
R  INDICATES RECORD WAS SET OR TIED.
MM INDICATES DATA IS MISSING.
T  INDICATES TRACE AMOUNT.




$$
