000
CDUS45 KBYZ 250721
CLISHR


CLIMATE REPORT
NATIONAL WEATHER SERVICE BILLINGS MT
121 AM MDT WED APR 25 2018


...................................

...THE SHERIDAN WY CLIMATE SUMMARY FOR APRIL 24 2018...

CLIMATE NORMAL PERIOD 1981 TO 2010
CLIMATE RECORD PERIOD 1907 TO 2018


WEATHER ITEM   OBSERVED TIME   RECORD YEAR NORMAL DEPARTURE LAST
                VALUE   (LST)  VALUE       VALUE  FROM      YEAR
                                                  NORMAL
..................................................................
TEMPERATURE (F)
 YESTERDAY
  MAXIMUM         54    509 PM  84    2012  60     -6       59
                                      1962
  MINIMUM         27   1118 PM  13    1958  32     -5       34
  AVERAGE         41                        46     -5       47

PRECIPITATION (IN)
  YESTERDAY        T             1.71 2016   0.07  -0.07     0.56
  MONTH TO DATE    1.31                      1.17   0.14     1.52
  SINCE OCT 1      7.96                      5.93   2.03    10.38
  SINCE JAN 1      4.97                      3.25   1.72     6.65

DEGREE DAYS
 HEATING
  YESTERDAY       24                        19      5       18
  MONTH TO DATE  625                       533     92      434
  SINCE MAR 1   1629                      1457    172     1169
  SINCE JUL 1   7369                      6992    377     6691

 COOLING
  YESTERDAY        0                         0      0        0
  MONTH TO DATE    0                         0      0        0
  SINCE MAR 1      0                         0      0        0
  SINCE JAN 1      0                         0      0        0
..................................................................


WIND (MPH)
  HIGHEST WIND SPEED    14   HIGHEST WIND DIRECTION    NW (310)
  HIGHEST GUST SPEED    17   HIGHEST GUST DIRECTION    NW (320)
  AVERAGE WIND SPEED     4.4


SKY COVER
  POSSIBLE SUNSHINE  MM
  AVERAGE SKY COVER 0.5


WEATHER CONDITIONS
 THE FOLLOWING WEATHER WAS RECORDED YESTERDAY.
  LIGHT SNOW
  FOG


RELATIVE HUMIDITY (PERCENT)
 HIGHEST   100          1200 AM
 LOWEST     32           400 PM
 AVERAGE    66

..........................................................


THE SHERIDAN WY CLIMATE NORMALS FOR TODAY
                         NORMAL    RECORD    YEAR
 MAXIMUM TEMPERATURE (F)   60        81      1952
                                             1910
 MINIMUM TEMPERATURE (F)   32        14      1988
                                             1958
                                             1950


SUNRISE AND SUNSET
APRIL 25 2018.........SUNRISE   607 AM MDT   SUNSET   806 PM MDT
APRIL 26 2018.........SUNRISE   605 AM MDT   SUNSET   807 PM MDT


-  INDICATES NEGATIVE NUMBERS.
R  INDICATES RECORD WAS SET OR TIED.
MM INDICATES DATA IS MISSING.
T  INDICATES TRACE AMOUNT.




$$
