000
CDUS44 KSHV 250753
CLISHV


CLIMATE REPORT
NATIONAL WEATHER SERVICE SHREVEPORT, LA
249 AM CDT WED APR 25 2018


...................................

...THE SHREVEPORT CLIMATE SUMMARY FOR APRIL 24 2018...

CLIMATE NORMAL PERIOD 1981 TO 2010
CLIMATE RECORD PERIOD 1874 TO 2018


WEATHER ITEM   OBSERVED TIME   RECORD YEAR NORMAL DEPARTURE LAST
                VALUE   (LST)  VALUE       VALUE  FROM      YEAR
                                                  NORMAL
..................................................................
TEMPERATURE (F)
 YESTERDAY
  MAXIMUM         81    345 PM  89    2011  79      2       79
                                      1999
                                      1992
  MINIMUM         53    606 AM  39    1910  56     -3       45
  AVERAGE         67                        67      0       62

PRECIPITATION (IN)
  YESTERDAY        0.00          2.40 1964   0.14  -0.14     0.00
  MONTH TO DATE    5.73                      3.33   2.40     3.58
  SINCE DEC 1     27.14                     21.19   5.95    12.31
  SINCE JAN 1     23.02                     16.42   6.60     9.17

SNOWFALL (IN)
  YESTERDAY        0.0
  MONTH TO DATE    T
  SINCE MAR 1      T
  SINCE JUL 1      1.8
  SNOW DEPTH       0

DEGREE DAYS
 HEATING
  YESTERDAY        0                         2     -2        3
  MONTH TO DATE  132                        80     52       25
  SINCE MAR 1    274                       331    -57      159
  SINCE JUL 1   2034                      2213   -179     1190

 COOLING
  YESTERDAY        2                         4     -2        0
  MONTH TO DATE   38                        67    -29      123
  SINCE MAR 1    100                        98      2      224
  SINCE JAN 1    138                       108     30      294
..................................................................


WIND (MPH)
  HIGHEST WIND SPEED    15   HIGHEST WIND DIRECTION     N (340)
  HIGHEST GUST SPEED    18   HIGHEST GUST DIRECTION    NW (310)
  AVERAGE WIND SPEED     4.9


SKY COVER
  POSSIBLE SUNSHINE  MM
  AVERAGE SKY COVER 0.1


WEATHER CONDITIONS
 THE FOLLOWING WEATHER WAS RECORDED YESTERDAY.
  NO SIGNIFICANT WEATHER WAS OBSERVED.


RELATIVE HUMIDITY (PERCENT)
 HIGHEST   100           400 AM
 LOWEST     35           400 PM
 AVERAGE    68

..........................................................


THE SHREVEPORT CLIMATE NORMALS FOR TODAY
                         NORMAL    RECORD    YEAR
 MAXIMUM TEMPERATURE (F)   79        89      2015
 MINIMUM TEMPERATURE (F)   56        34      1910


SUNRISE AND SUNSET
APRIL 25 2018.........SUNRISE   635 AM CDT   SUNSET   752 PM CDT
APRIL 26 2018.........SUNRISE   634 AM CDT   SUNSET   753 PM CDT


-  INDICATES NEGATIVE NUMBERS.
R  INDICATES RECORD WAS SET OR TIED.
MM INDICATES DATA IS MISSING.
T  INDICATES TRACE AMOUNT.




$$
