074
CDUS46 KLOX 200902
CLISMX


CLIMATE REPORT
NATIONAL WEATHER SERVICE LOS ANGELES/OXNARD CA
202 AM PDT SUN MAY 20 2018


...................................

...THE SANTA MARIA AIRPORT CA CLIMATE SUMMARY FOR MAY 19 2018...

CLIMATE NORMAL PERIOD 1981 TO 2010
CLIMATE RECORD PERIOD 1906 TO 2018


WEATHER ITEM   OBSERVED TIME   RECORD YEAR NORMAL DEPARTURE LAST
                VALUE   (LST)  VALUE       VALUE  FROM      YEAR
                                                  NORMAL
..................................................................
TEMPERATURE (F)
 YESTERDAY
  MAXIMUM         66   1048 AM  98    1942  69     -3       84
  MINIMUM         53    741 PM  35    1933  48      5       45
                                      1919
  AVERAGE         60                        58      2       65

PRECIPITATION (IN)
  YESTERDAY        0.00          0.88 1925   0.01  -0.01     0.00
  MONTH TO DATE    T                         0.25  -0.25     0.34
  SINCE OCT 1      6.01                     13.66  -7.65    18.44
  SINCE JAN 1      5.89                      9.61  -3.72    13.64

SNOWFALL (IN)
  YESTERDAY        0.0
  MONTH TO DATE    0.0
  SINCE MAR 1      0.0
  SINCE JUL 1      0.0

DEGREE DAYS
 HEATING
  YESTERDAY        5                         7     -2
  MONTH TO DATE  118                       143    -25
  SINCE MAR 1    640                       769   -129
  SINCE JUL 1   1756                      2602   -846

 COOLING
  YESTERDAY        0                         0      0
  MONTH TO DATE    0                         0      0
  SINCE MAR 1      7                         5      2
  SINCE JAN 1      7                         6      1
..................................................................


WIND (MPH)
  HIGHEST WIND SPEED    26   HIGHEST WIND DIRECTION     W (290)
  HIGHEST GUST SPEED    31   HIGHEST GUST DIRECTION     W (290)
  AVERAGE WIND SPEED    12.3


SKY COVER
  POSSIBLE SUNSHINE  MM
  AVERAGE SKY COVER 0.7


WEATHER CONDITIONS
 THE FOLLOWING WEATHER WAS RECORDED YESTERDAY.
  FOG


RELATIVE HUMIDITY (PERCENT)
 HIGHEST    93           200 AM
 LOWEST     63          1200 PM
 AVERAGE    78

..........................................................


THE SANTA MARIA AIRPORT CA CLIMATE NORMALS FOR TODAY
                         NORMAL    RECORD    YEAR
 MAXIMUM TEMPERATURE (F)   69        89      2003
                                             1941
 MINIMUM TEMPERATURE (F)   48        34      1974
                                             1927


SUNRISE AND SUNSET
MAY 20 2018...........SUNRISE   555 AM PDT   SUNSET   802 PM PDT
MAY 21 2018...........SUNRISE   554 AM PDT   SUNSET   803 PM PDT


-  INDICATES NEGATIVE NUMBERS.
R  INDICATES RECORD WAS SET OR TIED.
MM INDICATES DATA IS MISSING.
T  INDICATES TRACE AMOUNT.




$$
