000
CDUS46 KSGX 251130
CLISNA


CLIMATE REPORT
NATIONAL WEATHER SERVICE SAN DIEGO, CA
430 AM PDT WED APR 25 2018


...................................

...THE JOHN WAYNE AIRPORT CA CLIMATE SUMMARY FOR APRIL 24 2018...

CLIMATE NORMAL PERIOD 1981 TO 2010
CLIMATE RECORD PERIOD 1999 TO 2018


WEATHER ITEM   OBSERVED TIME   RECORD YEAR NORMAL DEPARTURE LAST
                VALUE   (LST)  VALUE       VALUE  FROM      YEAR
                                                  NORMAL
..................................................................
TEMPERATURE (F)
 YESTERDAY
  MAXIMUM         69   1246 PM  91    2001  70     -1       70
  MINIMUM         54    531 AM  51    2008  55     -1       61
                                      2006
  AVERAGE         62                        62      0       66

PRECIPITATION (IN)
  YESTERDAY        0.00          0.31 2005   0.04  -0.04     0.00
  MONTH TO DATE    0.05                      0.72  -0.67     0.04
  SINCE OCT 1      2.71                     12.56  -9.85    15.80
  SINCE JAN 1      2.70                      8.48  -5.78     9.61

DEGREE DAYS
 HEATING
  YESTERDAY        3                         3      0        0
  MONTH TO DATE   48                       103    -55       30
  SINCE MAR 1    194                       284    -90      114
  SINCE JUL 1    658                      1190   -532      855

 COOLING
  YESTERDAY        0                         1     -1        1
  MONTH TO DATE   27                         6     21       29
  SINCE MAR 1     27                        13     14       37
  SINCE JAN 1     53                        21     32       37
..................................................................


WIND (MPH)
  RESULTANT WIND SPEED   5   RESULTANT WIND DIRECTION  SW (210)
  HIGHEST WIND SPEED    13   HIGHEST WIND DIRECTION    SW (220)
  HIGHEST GUST SPEED    19   HIGHEST GUST DIRECTION     S (200)
  AVERAGE WIND SPEED     5.8


SKY COVER
  POSSIBLE SUNSHINE  MM
  AVERAGE SKY COVER 0.7


WEATHER CONDITIONS
 THE FOLLOWING WEATHER WAS RECORDED YESTERDAY.
  FOG
  HAZE


RELATIVE HUMIDITY (PERCENT)
 HIGHEST    93          1200 AM
 LOWEST     58          1200 PM
 AVERAGE    76

..........................................................


THE JOHN WAYNE AIRPORT CA CLIMATE NORMALS FOR TODAY
                         NORMAL    RECORD    YEAR
 MAXIMUM TEMPERATURE (F)   70        84      2008
                                             2004
 MINIMUM TEMPERATURE (F)   55        53      2010
                                             2008


SUNRISE AND SUNSET
APRIL 25 2018.........SUNRISE   609 AM PDT   SUNSET   730 PM PDT
APRIL 26 2018.........SUNRISE   608 AM PDT   SUNSET   731 PM PDT


-  INDICATES NEGATIVE NUMBERS.
R  INDICATES RECORD WAS SET OR TIED.
MM INDICATES DATA IS MISSING.
T  INDICATES TRACE AMOUNT.




$$
