000
CDUS43 KEAX 242123
CLISTJ


CLIMATE REPORT
NATIONAL WEATHER SERVICE KANSAS CITY/PLEASANT HILL MO
423 PM CDT TUE APR 24 2018


...................................

...THE ST. JOSEPH MO CLIMATE SUMMARY FOR APRIL 24 2018...
VALID AS OF 0900 AM LOCAL TIME.

CLIMATE NORMAL PERIOD 1981 TO 2010
CLIMATE RECORD PERIOD 1892 TO 2018


WEATHER ITEM   OBSERVED TIME   RECORD YEAR NORMAL DEPARTURE LAST
                VALUE   (LST)  VALUE       VALUE  FROM      YEAR
                                                  NORMAL
..................................................................
TEMPERATURE (F)
 TODAY
  MAXIMUM         63    900 AM  92    1989  68     -5       76
  MINIMUM         35        MM  27    2013  45    -10       43
                                      1967
  AVERAGE         49                        57     -8       60

PRECIPITATION (IN)
  TODAY            0.00          1.01 2014   0.16  -0.16     0.00
  MONTH TO DATE    0.23                      2.77  -2.54     2.83
  SINCE MAR 1      0.58                      5.02  -4.44     5.40
  SINCE JAN 1      2.04                      6.51  -4.47     6.42

DEGREE DAYS
 HEATING
  TODAY           16                         9      7        5
  MONTH TO DATE  525                       297    228      192
  SINCE MAR 1   1222                       982    240      759
  SINCE JUL 1   5093                      5290   -197     4056

 COOLING
  TODAY            0                         1     -1        0
  MONTH TO DATE    2                        17    -15       14
  SINCE MAR 1      2                        19    -17       18
  SINCE JAN 1      2                        19    -17       18
..................................................................


WIND (MPH)
  HIGHEST WIND SPEED     7   HIGHEST WIND DIRECTION    NE (30)
  HIGHEST GUST SPEED    MM   HIGHEST GUST DIRECTION    MM
  AVERAGE WIND SPEED     2.3


SKY COVER
  AVERAGE SKY COVER 0.0


WEATHER CONDITIONS
 THE FOLLOWING WEATHER WAS RECORDED TODAY.
  NO SIGNIFICANT WEATHER WAS OBSERVED.


RELATIVE HUMIDITY (PERCENT)
 HIGHEST    82           300 AM
 LOWEST     36           900 AM
 AVERAGE    59

..........................................................


THE ST. JOSEPH MO CLIMATE NORMALS FOR TOMORROW
                         NORMAL    RECORD    YEAR
 MAXIMUM TEMPERATURE (F)   68        96      2012
 MINIMUM TEMPERATURE (F)   46        31      2013


SUNRISE AND SUNSET
APRIL 24 2018.........SUNRISE   629 AM CDT   SUNSET   807 PM CDT
APRIL 25 2018.........SUNRISE   628 AM CDT   SUNSET   808 PM CDT


-  INDICATES NEGATIVE NUMBERS.
R  INDICATES RECORD WAS SET OR TIED.
MM INDICATES DATA IS MISSING.
T  INDICATES TRACE AMOUNT.




$$
