000
CDUS43 KLSX 260729
CLISTL


CLIMATE REPORT
NATIONAL WEATHER SERVICE ST LOUIS MO
228 AM CDT SAT MAY 26 2018


...................................

...THE ST. LOUIS CLIMATE SUMMARY FOR MAY 25 2018...

CLIMATE NORMAL PERIOD 1981 TO 2010
CLIMATE RECORD PERIOD 1874 TO 2018


WEATHER ITEM   OBSERVED TIME   RECORD YEAR NORMAL DEPARTURE LAST
                VALUE   (LST)  VALUE       VALUE  FROM      YEAR
                                                  NORMAL
..................................................................
TEMPERATURE (F)
 YESTERDAY
  MAXIMUM         88   1222 PM  93    1953  79      9       78
                                      1911
  MINIMUM         71    540 AM  38    1925  60     11       55
  AVERAGE         80                        69     11       67

PRECIPITATION (IN)
  YESTERDAY        0.13          2.47 1968   0.16  -0.03      T
  MONTH TO DATE    3.68                      3.74  -0.06     5.20
  SINCE MAR 1     13.08                     10.75   2.33    19.81
  SINCE JAN 1     19.56                     15.39   4.17    22.10

SNOWFALL (IN)
  YESTERDAY        0.0           0.0  2015   0.0    0.0      0.0
  MONTH TO DATE    0.0                       0.0    0.0      0.0
  SINCE MAR 1      1.6                       2.7   -1.1      1.8
  SINCE JUL 1      7.1                      17.7  -10.6      3.2
  SNOW DEPTH       0

DEGREE DAYS
 HEATING
  YESTERDAY        0                         1     -1        0
  MONTH TO DATE    0                        69    -69       57
  SINCE MAR 1   1134                       927    207      664
  SINCE JUL 1   4605                      4525     80     3397

 COOLING
  YESTERDAY       15                         6      9        2
  MONTH TO DATE  232                        90    142      123
  SINCE MAR 1    245                       136    109      196
  SINCE JAN 1    245                       136    109      198
..................................................................


WIND (MPH)
  HIGHEST WIND SPEED    21   HIGHEST WIND DIRECTION    SW (220)
  HIGHEST GUST SPEED    26   HIGHEST GUST DIRECTION    SW (230)
  AVERAGE WIND SPEED     8.1


SKY COVER
  AVERAGE SKY COVER 0.7


WEATHER CONDITIONS
 THE FOLLOWING WEATHER WAS RECORDED YESTERDAY.
  HEAVY RAIN
  FOG


RELATIVE HUMIDITY (PERCENT)
 HIGHEST    82           900 PM
 LOWEST     51          1000 AM
 AVERAGE    67

..........................................................


THE ST. LOUIS CLIMATE NORMALS FOR TODAY
                         NORMAL    RECORD    YEAR
 MAXIMUM TEMPERATURE (F)   79        98      1953
 MINIMUM TEMPERATURE (F)   60        38      1961


SUNRISE AND SUNSET
MAY 26 2018...........SUNRISE   541 AM CDT   SUNSET   816 PM CDT
MAY 27 2018...........SUNRISE   541 AM CDT   SUNSET   817 PM CDT


-  INDICATES NEGATIVE NUMBERS.
R  INDICATES RECORD WAS SET OR TIED.
MM INDICATES DATA IS MISSING.
T  INDICATES TRACE AMOUNT.




$$
