466
CDUS42 KTAE 210634
CLITLH


CLIMATE REPORT
NATIONAL WEATHER SERVICE TALLAHASSEE FL
234 AM EDT SAT APR 21 2018


...................................

...THE TALLAHASSEE CLIMATE SUMMARY FOR APRIL 20 2018...

CLIMATE NORMAL PERIOD 1981 TO 2010
CLIMATE RECORD PERIOD 1896 TO 2018


WEATHER ITEM   OBSERVED TIME   RECORD YEAR NORMAL DEPARTURE LAST
                VALUE   (LST)  VALUE       VALUE  FROM      YEAR
                                                  NORMAL
..................................................................
TEMPERATURE (F)
 YESTERDAY
  MAXIMUM         78    359 PM  93    2006  81     -3       85
  MINIMUM         56    720 AM  40    1953  53      3       62
  AVERAGE         67                        67      0       74

PRECIPITATION (IN)
  YESTERDAY        0.00          3.10 1907   0.09  -0.09     0.00
  MONTH TO DATE    3.31                      2.22   1.09     3.14
  SINCE MAR 1     10.16                      8.16   2.00     4.33
  SINCE JAN 1     16.09                     17.35  -1.26    14.26

SNOWFALL (IN)
  YESTERDAY        0.0                       0.0    0.0

DEGREE DAYS
 HEATING
  YESTERDAY        0                               -2
  MONTH TO DATE   40                              -16
  SINCE MAR 1    252                               15
  SINCE JUL 1   1331                             -249

 COOLING
  YESTERDAY        2                               -2
  MONTH TO DATE   37                              -16
  SINCE MAR 1     76                              -17
  SINCE JAN 1    158                               51
..................................................................


WIND (MPH)
  HIGHEST WIND SPEED    15   HIGHEST WIND DIRECTION     E (80)
  HIGHEST GUST SPEED    19   HIGHEST GUST DIRECTION     E (90)
  AVERAGE WIND SPEED     7.8




RELATIVE HUMIDITY (PERCENT)
 HIGHEST    63
 LOWEST     38
 AVERAGE    51

..........................................................


THE TALLAHASSEE CLIMATE NORMALS FOR TODAY
                         NORMAL    RECORD    YEAR
 MAXIMUM TEMPERATURE (F)   81        94      1968
 MINIMUM TEMPERATURE (F)   53        38      1983


SUNRISE AND SUNSET
APRIL 21 2018.........SUNRISE   704 AM EDT   SUNSET   809 PM EDT
APRIL 22 2018.........SUNRISE   703 AM EDT   SUNSET   810 PM EDT


-  INDICATES NEGATIVE NUMBERS.
R  INDICATES RECORD WAS SET OR TIED.
MM INDICATES DATA IS MISSING.
T  INDICATES TRACE AMOUNT.




$$
