000
CDUS43 KTOP 270633
CLITOP


CLIMATE REPORT
NATIONAL WEATHER SERVICE TOPEKA KS
131 AM CDT FRI APR 27 2018


...................................

...THE TOPEKA KS CLIMATE SUMMARY FOR APRIL 26 2018...

CLIMATE NORMAL PERIOD 1981 TO 2010
CLIMATE RECORD PERIOD 1887 TO 2018


WEATHER ITEM   OBSERVED TIME   RECORD YEAR NORMAL DEPARTURE LAST
                VALUE   (LST)  VALUE       VALUE  FROM      YEAR
                                                  NORMAL
..................................................................
TEMPERATURE (F)
 YESTERDAY
  MAXIMUM         71    434 PM  94    1989  70      1       53
  MINIMUM         37    446 AM  31    1950  47    -10       42
  AVERAGE         54                        59     -5       48

PRECIPITATION (IN)
  YESTERDAY        0.00          3.24 1969   0.14  -0.14      T
  MONTH TO DATE    1.06                      2.96  -1.90     4.42
  SINCE MAR 1      2.11                      5.45  -3.34     8.45
  SINCE JAN 1      3.86                      7.63  -3.77     9.84

SNOWFALL (IN)
  YESTERDAY        0.0           T    2016   0.0    0.0      0.0
                                      1937
  MONTH TO DATE    0.7                       0.3    0.4       T
  SINCE JAN 1      6.0                      11.3   -5.3      3.5
  SINCE JUL 1      8.1                      17.8   -9.7      6.6
  SNOW DEPTH       0

DEGREE DAYS
 HEATING
  YESTERDAY       11                         8      3       17
  MONTH TO DATE  481                       295    186      190
  SINCE MAR 1   1072                       923    149      690
  SINCE JUL 1   4852                      4890    -38     3871

 COOLING
  YESTERDAY        0                         1     -1        0
  MONTH TO DATE    2                        19    -17       28
  SINCE MAR 1      2                        22    -20       37
  SINCE JAN 1      2                        22    -20       37
..................................................................


WIND (MPH)
  HIGHEST WIND SPEED    15   HIGHEST WIND DIRECTION     N (340)
  HIGHEST GUST SPEED    21   HIGHEST GUST DIRECTION    NW (310)
  AVERAGE WIND SPEED     6.2


SKY COVER
  AVERAGE SKY COVER 0.0


WEATHER CONDITIONS
 THE FOLLOWING WEATHER WAS RECORDED YESTERDAY.
  FOG


RELATIVE HUMIDITY (PERCENT)
 HIGHEST   100          1200 AM
 LOWEST     33           500 PM
 AVERAGE    67

..........................................................


THE TOPEKA KS CLIMATE NORMALS FOR TODAY
                         NORMAL    RECORD    YEAR
 MAXIMUM TEMPERATURE (F)   70        93      1956
 MINIMUM TEMPERATURE (F)   48        30      1967


SUNRISE AND SUNSET
APRIL 27 2018.........SUNRISE   629 AM CDT   SUNSET   812 PM CDT
APRIL 28 2018.........SUNRISE   628 AM CDT   SUNSET   813 PM CDT


-  INDICATES NEGATIVE NUMBERS.
R  INDICATES RECORD WAS SET OR TIED.
MM INDICATES DATA IS MISSING.
T  INDICATES TRACE AMOUNT.




$$
