000
CDUS44 KTSA 210655
CLITUL

CLIMATE REPORT
NATIONAL WEATHER SERVICE TULSA OK
146 AM CDT SAT APR 21 2018


...................................

...THE TULSA OKLAHOMA CLIMATE SUMMARY FOR APRIL 20 2018...

CLIMATE NORMAL PERIOD 1981 TO 2010
CLIMATE RECORD PERIOD 1882 TO 2018


WEATHER ITEM   OBSERVED TIME   RECORD YEAR NORMAL DEPARTURE LAST
                VALUE   (LST)  VALUE       VALUE  FROM      YEAR
                                                  NORMAL
..................................................................
TEMPERATURE (F)
 YESTERDAY
  MAXIMUM         68    450 PM  92    1963  73     -5       73
  MINIMUM         37    457 AM  32    1953  51    -14       62
  AVERAGE         53                        62     -9       68

PRECIPITATION (IN)
  YESTERDAY        0.00          3.30 1929   0.14  -0.14     0.24
  MONTH TO DATE    0.16                      2.28  -2.12     2.96
  SINCE MAR 1      3.47                      5.57  -2.10     4.73
  SINCE JAN 1      8.55                      9.08  -0.53     9.33

SNOWFALL (IN)
  YESTERDAY        0.0                                       0.0
  MONTH TO DATE    0.1                                        T
  SINCE MAR 1      0.1                                        T
  SINCE JUL 1      2.1                                       0.7

DEGREE DAYS
 HEATING
  YESTERDAY       12                         5      7        0
  MONTH TO DATE  291                       148    143       47
  SINCE MAR 1    660                       586     74      341
  SINCE JUL 1   3368                      3497   -129     2562

 COOLING
  YESTERDAY        0                         2     -2        3
  MONTH TO DATE   15                        29    -14       56
  SINCE MAR 1     18                        40    -22       96
  SINCE JAN 1     23                        41    -18      112
..................................................................


WIND (MPH)
  HIGHEST WIND SPEED    21   HIGHEST WIND DIRECTION    SE (130)
  HIGHEST GUST SPEED    27   HIGHEST GUST DIRECTION    SE (140)
  AVERAGE WIND SPEED     9.3


SKY COVER
  POSSIBLE SUNSHINE  MM
  AVERAGE SKY COVER 0.7


WEATHER CONDITIONS
 THE FOLLOWING WEATHER WAS RECORDED YESTERDAY.
  NO SIGNIFICANT WEATHER WAS OBSERVED.


RELATIVE HUMIDITY (PERCENT)
 HIGHEST    85           500 AM
 LOWEST     26           400 PM
 AVERAGE    56

..........................................................


THE TULSA OKLAHOMA CLIMATE NORMALS FOR TODAY
                         NORMAL    RECORD    YEAR
 MAXIMUM TEMPERATURE (F)   73        94      1965
 MINIMUM TEMPERATURE (F)   51        32      1966


SUNRISE AND SUNSET
APRIL 21 2018.........SUNRISE   642 AM CDT   SUNSET   803 PM CDT
APRIL 22 2018.........SUNRISE   641 AM CDT   SUNSET   803 PM CDT


-  INDICATES NEGATIVE NUMBERS.
R  INDICATES RECORD WAS SET OR TIED.
MM INDICATES DATA IS MISSING.
T  INDICATES TRACE AMOUNT.




$$

&&
...........................................................

THE TULSA PRECIPITATION NORMALS FOR TODAY
                       NORMAL    RECORD      YEAR
  TODAY                 0.13      3.19       2017
  MONTH TO DATE         2.41
  YEAR TO DATE          9.21
...........................................................
ALL DATA MEASURED AT THE TULSA INTERNATIONAL AIRPORT...
EXCEPT SNOWFALL...WHICH IS MEASURED AT THE NWS OFFICE.
