000
CDUS44 KMEG 200641
CLITUP


CLIMATE REPORT
NATIONAL WEATHER SERVICE MEMPHIS TN
139 AM CDT FRI APR 20 2018


...................................

...THE TUPELO CLIMATE SUMMARY FOR APRIL 19 2018...

CLIMATE NORMAL PERIOD 1981 TO 2010
CLIMATE RECORD PERIOD 1930 TO 2018


WEATHER ITEM   OBSERVED TIME   RECORD YEAR NORMAL DEPARTURE LAST
                VALUE   (LST)  VALUE       VALUE  FROM      YEAR
                                                  NORMAL
..................................................................
TEMPERATURE (F)
 YESTERDAY
  MAXIMUM         64   1203 AM  91    2006  75    -11       84
  MINIMUM         45   1159 PM  29    1983  51     -6       62
  AVERAGE         55                        63     -8       73

PRECIPITATION (IN)
  YESTERDAY        0.00          1.55 1970   0.16  -0.16     0.00
  MONTH TO DATE    4.68                      2.92   1.76     3.83
  SINCE MAR 1      8.57                      7.74   0.83     7.94
  SINCE JAN 1     24.92                     17.18   7.74    16.41

SNOWFALL (IN)
  YESTERDAY        0.0          MM      MM   0.0    0.0      0.0
  MONTH TO DATE    0.0                       0.0    0.0      0.0
  SINCE MAR 1      0.0                       0.3   -0.3       T
  SINCE JUL 1      0.8                       2.1   -1.3       T
  SNOW DEPTH       0

DEGREE DAYS
 HEATING
  YESTERDAY       10                         4      6        0
  MONTH TO DATE  183                       113     70       31
  SINCE MAR 1    528                       468     60      321
  SINCE JUL 1   2852                      2899    -47     1939

 COOLING
  YESTERDAY        0                         2     -2        8
  MONTH TO DATE   10                        29    -19       59
  SINCE MAR 1     20                        43    -23       93
  SINCE JAN 1     40                        45     -5      105
..................................................................


WIND (MPH)
  HIGHEST WIND SPEED    22   HIGHEST WIND DIRECTION     N (340)
  HIGHEST GUST SPEED    29   HIGHEST GUST DIRECTION     N (340)
  AVERAGE WIND SPEED    12.5


SKY COVER
  POSSIBLE SUNSHINE  MM
  AVERAGE SKY COVER 0.1


WEATHER CONDITIONS
 THE FOLLOWING WEATHER WAS RECORDED YESTERDAY.
  NO SIGNIFICANT WEATHER WAS OBSERVED.


RELATIVE HUMIDITY (PERCENT)
 HIGHEST    60           900 PM
 LOWEST     35           600 PM
 AVERAGE    48

..........................................................


THE TUPELO CLIMATE NORMALS FOR TODAY
                         NORMAL    RECORD    YEAR
 MAXIMUM TEMPERATURE (F)   75        91      1987
 MINIMUM TEMPERATURE (F)   52        29      1983


SUNRISE AND SUNSET
APRIL 20 2018.........SUNRISE   618 AM CDT   SUNSET   731 PM CDT
APRIL 21 2018.........SUNRISE   617 AM CDT   SUNSET   731 PM CDT


-  INDICATES NEGATIVE NUMBERS.
R  INDICATES RECORD WAS SET OR TIED.
MM INDICATES DATA IS MISSING.
T  INDICATES TRACE AMOUNT.




$$
