000
CDUS44 KJAN 200710
CLITVR


CLIMATE REPORT
NATIONAL WEATHER SERVICE JACKSON MS
203 AM CDT FRI APR 20 2018


...................................

...THE VICKSBURG CLIMATE SUMMARY FOR APRIL 19 2018...

CLIMATE NORMAL PERIOD 1981 TO 2010
CLIMATE RECORD PERIOD 1948 TO 2018


WEATHER ITEM   OBSERVED TIME   RECORD YEAR NORMAL DEPARTURE LAST
                VALUE   (LST)  VALUE       VALUE  FROM      YEAR
                                                  NORMAL
..................................................................
TEMPERATURE (F)
 YESTERDAY
  MAXIMUM         68   1213 AM  92    2006  77     -9       85
  MINIMUM         49   1127 PM  34    1983  54     -5       63
  AVERAGE         59                        65     -6       74

PRECIPITATION (IN)
  YESTERDAY        0.00          1.61 1959   0.19  -0.19     0.00
  MONTH TO DATE    4.73                      3.20   1.53     7.84
  SINCE MAR 1     10.67                      8.23   2.44    10.70
  SINCE JAN 1     24.08                     18.57   5.51    17.46

SNOWFALL (IN)
  YESTERDAY        0.0

DEGREE DAYS
 HEATING
  YESTERDAY        6                         3      3        0
  MONTH TO DATE  100                        80     20       16
  SINCE MAR 1    296                       345    -49      190
  SINCE JUL 1   2182                      2321   -139     1466

 COOLING
  YESTERDAY        0                         3     -3        9
  MONTH TO DATE   26                        45    -19       86
  SINCE MAR 1     68                        68      0      172
  SINCE JAN 1    125                        77     48      223
..................................................................


WIND (MPH)
  HIGHEST WIND SPEED    22   HIGHEST WIND DIRECTION     N (10)
  HIGHEST GUST SPEED    29   HIGHEST GUST DIRECTION     N (360)
  AVERAGE WIND SPEED    11.8


SKY COVER
  POSSIBLE SUNSHINE  MM
  AVERAGE SKY COVER 0.0


WEATHER CONDITIONS
 THE FOLLOWING WEATHER WAS RECORDED YESTERDAY.
  NO SIGNIFICANT WEATHER WAS OBSERVED.


RELATIVE HUMIDITY (PERCENT)
 HIGHEST    87          1200 AM
 LOWEST     40           100 PM
 AVERAGE    64

..........................................................


THE VICKSBURG CLIMATE NORMALS FOR TODAY
                         NORMAL    RECORD    YEAR
 MAXIMUM TEMPERATURE (F)   77        89      1987
 MINIMUM TEMPERATURE (F)   54        33      1953


SUNRISE AND SUNSET
APRIL 20 2018.........SUNRISE   629 AM CDT   SUNSET   737 PM CDT
APRIL 21 2018.........SUNRISE   628 AM CDT   SUNSET   738 PM CDT


-  INDICATES NEGATIVE NUMBERS.
R  INDICATES RECORD WAS SET OR TIED.
MM INDICATES DATA IS MISSING.
T  INDICATES TRACE AMOUNT.




$$
