000
CDUS44 KSHV 210733
CLITYR


CLIMATE REPORT
NATIONAL WEATHER SERVICE SHREVEPORT, LA
233 AM CDT MON MAY 21 2018


...................................

...THE TYLER CLIMATE SUMMARY FOR MAY 20 2018...

CLIMATE NORMAL PERIOD 1981 TO 2010
CLIMATE RECORD PERIOD 1896 TO 2018


WEATHER ITEM   OBSERVED TIME   RECORD YEAR NORMAL DEPARTURE LAST
                VALUE   (LST)  VALUE       VALUE  FROM      YEAR
                                                  NORMAL
..................................................................
TEMPERATURE (F)
 YESTERDAY
  MAXIMUM         90   1257 PM  94    1921  84      6       83
  MINIMUM         69   1159 PM  47    1981  65      4       66
  AVERAGE         80                        74      6       75

PRECIPITATION (IN)
  YESTERDAY        0.27          2.98 1983   0.13   0.14     1.38
  MONTH TO DATE    0.91                      3.02  -2.11     2.49
  SINCE DEC 1     21.93                     21.42   0.51    17.61
  SINCE JAN 1     16.64                     17.18  -0.54    14.96

SNOWFALL (IN)
  YESTERDAY        0.0
  MONTH TO DATE    0.0
  SINCE MAR 1      0.0
  SINCE JUL 1      1.5
  SNOW DEPTH       0

DEGREE DAYS
 HEATING
  YESTERDAY        0                         0      0        0
  MONTH TO DATE    0                         6     -6        7
  SINCE MAR 1    268                       376   -108      173
  SINCE JUL 1   2070                      2268   -198     1256

 COOLING
  YESTERDAY       15                         9      6       10
  MONTH TO DATE  244                       141    103      138
  SINCE MAR 1    354                       241    113      384
  SINCE JAN 1    381                       253    128      458
..................................................................


WIND (MPH)
  HIGHEST WIND SPEED    29   HIGHEST WIND DIRECTION     W (280)
  HIGHEST GUST SPEED    36   HIGHEST GUST DIRECTION     W (260)
  AVERAGE WIND SPEED     7.3


SKY COVER
  POSSIBLE SUNSHINE  MM
  AVERAGE SKY COVER 0.1


WEATHER CONDITIONS
 THE FOLLOWING WEATHER WAS RECORDED YESTERDAY.
  THUNDERSTORM
  HEAVY RAIN
  RAIN
  LIGHT RAIN
  FOG


RELATIVE HUMIDITY (PERCENT)
 HIGHEST    93           600 AM
 LOWEST     43           100 PM
 AVERAGE    68

..........................................................


THE TYLER CLIMATE NORMALS FOR TODAY
                         NORMAL    RECORD    YEAR
 MAXIMUM TEMPERATURE (F)   84        97      2005
 MINIMUM TEMPERATURE (F)   65        45      1981


SUNRISE AND SUNSET
MAY 21 2018...........SUNRISE   620 AM CDT   SUNSET   817 PM CDT
MAY 22 2018...........SUNRISE   619 AM CDT   SUNSET   818 PM CDT


-  INDICATES NEGATIVE NUMBERS.
R  INDICATES RECORD WAS SET OR TIED.
MM INDICATES DATA IS MISSING.
T  INDICATES TRACE AMOUNT.




$$
