000
CDUS44 KMRX 220834
CLITYS


CLIMATE REPORT
NATIONAL WEATHER SERVICE MORRISTOWN TN
434 AM EDT SUN APR 22 2018


...................................

...THE KNOXVILLE    ASOS CLIMATE SUMMARY FOR APRIL 21 2018...

CLIMATE NORMAL PERIOD 1981 TO 2010
CLIMATE RECORD PERIOD 1871 TO 2018


WEATHER ITEM   OBSERVED TIME   RECORD YEAR NORMAL DEPARTURE LAST
                VALUE   (LST)  VALUE       VALUE  FROM      YEAR
                                                  NORMAL
..................................................................
TEMPERATURE (F)
 YESTERDAY
  MAXIMUM         74    517 PM  88    1946  72      2       82
  MINIMUM         39    625 AM  27    1983  49    -10       65
                                      1904
  AVERAGE         57                        60     -3       74

PRECIPITATION (IN)
  YESTERDAY        0.00          3.61 2006   0.13  -0.13     0.38
  MONTH TO DATE    2.45                      2.76  -0.31     4.09
  SINCE MAR 1      7.59                      7.10   0.49     9.82
  SINCE JAN 1     17.41                     15.68   1.73    15.76

SNOWFALL (IN)
  YESTERDAY        0.0                       0.0    0.0      0.0
  MONTH TO DATE    T                         0.5   -0.5      0.0
  SINCE MAR 1      T                         1.4   -1.4       T
  SINCE JUL 1      2.6                       6.5   -3.9      2.3
  SNOW DEPTH       0

DEGREE DAYS
 HEATING
  YESTERDAY        8                         6      2        0
  MONTH TO DATE  226                       176     50       66
  SINCE MAR 1    731                       637     94      465
  SINCE JUL 1   3464                      3533    -69     2524

 COOLING
  YESTERDAY        0                         1     -1        9
  MONTH TO DATE   12                        19     -7       57
  SINCE MAR 1     16                        24     -8       60
  SINCE JAN 1     34                        24     10       60
..................................................................


WIND (MPH)
  HIGHEST WIND SPEED    12   HIGHEST WIND DIRECTION    NE (30)
  HIGHEST GUST SPEED    15   HIGHEST GUST DIRECTION    NE (30)
  AVERAGE WIND SPEED     4.0


SKY COVER
  POSSIBLE SUNSHINE  MM
  AVERAGE SKY COVER 0.4


WEATHER CONDITIONS
 THE FOLLOWING WEATHER WAS RECORDED YESTERDAY.
  NO SIGNIFICANT WEATHER WAS OBSERVED.


RELATIVE HUMIDITY (PERCENT)
 HIGHEST    79           600 AM
 LOWEST     22           200 PM
 AVERAGE    51

..........................................................


THE KNOXVILLE    ASOS CLIMATE NORMALS FOR TODAY
                         NORMAL    RECORD    YEAR
 MAXIMUM TEMPERATURE (F)   72        86      1988
 MINIMUM TEMPERATURE (F)   49        31      1993


SUNRISE AND SUNSET
APRIL 22 2018.........SUNRISE   654 AM EDT   SUNSET   815 PM EDT
APRIL 23 2018.........SUNRISE   653 AM EDT   SUNSET   816 PM EDT


-  INDICATES NEGATIVE NUMBERS.
R  INDICATES RECORD WAS SET OR TIED.
MM INDICATES DATA IS MISSING.
T  INDICATES TRACE AMOUNT.




$$
