000
CDUS46 KSEW 240830
CLIUIL


CLIMATE REPORT
NATIONAL WEATHER SERVICE SEATTLE WA
130 AM PDT THU MAY 24 2018


...................................

...THE QUILLAYUTE WA AIRPORT CLIMATE SUMMARY FOR MAY 23 2018...

CLIMATE NORMAL PERIOD 1981 TO 2010
CLIMATE RECORD PERIOD 1966 TO 2018


WEATHER ITEM   OBSERVED TIME   RECORD YEAR NORMAL DEPARTURE LAST
                VALUE   (LST)  VALUE       VALUE  FROM      YEAR
                                                  NORMAL
..................................................................
TEMPERATURE (F)
 YESTERDAY
  MAXIMUM         62    124 PM  81    1983  61      1       60
  MINIMUM         51   1247 AM  33    1987  44      7       49
  AVERAGE         57                        52      5       55

PRECIPITATION (IN)
  YESTERDAY        T             3.52 1973   0.15  -0.15      T
  MONTH TO DATE    0.79                      3.90  -3.11     4.77
  SINCE OCT 1     87.49                     86.54   0.95   122.15
  SINCE JAN 1     49.27                     47.54   1.73    62.22

DEGREE DAYS
 HEATING
  YESTERDAY        8                        13     -5       10
  MONTH TO DATE  252                       330    -78      307
  SINCE MAR 1   1463                      1527    -64     1498
  SINCE JUL 1   5108                      5372   -264     5320

 COOLING
  YESTERDAY        0                         0      0        0
  MONTH TO DATE    0                         0      0        0
  SINCE MAR 1      0                         0      0        0
  SINCE JAN 1      0                         0      0        0
..................................................................


WIND (MPH)
  RESULTANT WIND SPEED   3   RESULTANT WIND DIRECTION  NW (320)
  HIGHEST WIND SPEED    14   HIGHEST WIND DIRECTION     W (290)
  HIGHEST GUST SPEED    20   HIGHEST GUST DIRECTION     W (280)
  AVERAGE WIND SPEED     4.8


SKY COVER
  AVERAGE SKY COVER 1.0


WEATHER CONDITIONS
 THE FOLLOWING WEATHER WAS RECORDED YESTERDAY.
  LIGHT RAIN
  FOG


RELATIVE HUMIDITY (PERCENT)
 HIGHEST   100           900 PM
 LOWEST     72           100 PM
 AVERAGE    86

..........................................................


THE QUILLAYUTE WA AIRPORT CLIMATE NORMALS FOR TODAY
                         NORMAL    RECORD    YEAR
 MAXIMUM TEMPERATURE (F)   61        83      1993
 MINIMUM TEMPERATURE (F)   45        33      2000


SUNRISE AND SUNSET
MAY 24 2018...........SUNRISE   529 AM PDT   SUNSET   901 PM PDT
MAY 25 2018...........SUNRISE   529 AM PDT   SUNSET   902 PM PDT


-  INDICATES NEGATIVE NUMBERS.
R  INDICATES RECORD WAS SET OR TIED.
MM INDICATES DATA IS MISSING.
T  INDICATES TRACE AMOUNT.




$$
