000
CDUS41 KBTV 240547
CLIVSF


CLIMATE REPORT
NATIONAL WEATHER SERVICE BURLINGTON VT
146 AM EDT TUE APR 24 2018


...................................

...THE SPRINGFIELD VT CLIMATE SUMMARY FOR APRIL 23 2018...

CLIMATE NORMAL PERIOD 1981 TO 2010
CLIMATE RECORD PERIOD 9999 TO 9999


WEATHER ITEM   OBSERVED TIME   NORMAL DEPARTURE LAST
                VALUE   (LST)  VALUE  FROM      YEAR
                                      NORMAL
......................................................
TEMPERATURE (F)
 YESTERDAY
  MAXIMUM         66    456 PM  60      6       69
  MINIMUM         24    526 AM  36    -12       33
  AVERAGE         45            48     -3       51

PRECIPITATION (IN)
  YESTERDAY        0.00          0.10  -0.10     0.00
  MONTH TO DATE    2.42          2.90  -0.48     3.39
  SINCE MAR 1      4.49          6.20  -1.71     6.28
  SINCE JAN 1     10.23         11.81  -1.58     9.83

DEGREE DAYS
 HEATING
  YESTERDAY       20            17      3       14
  MONTH TO DATE  660           513    147      416
  SINCE MAR 1   1654          1548    106     1539
  SINCE JUL 1   6868          6993   -125     6416

 COOLING
  YESTERDAY        0             0      0        0
  MONTH TO DATE    0             0      0        0
  SINCE MAR 1      0             0      0        0
  SINCE JAN 1      0             0      0        0
......................................................


WIND (MPH)
  HIGHEST WIND SPEED    10   HIGHEST WIND DIRECTION    SE (140)
  HIGHEST GUST SPEED    14   HIGHEST GUST DIRECTION    SE (140)
  AVERAGE WIND SPEED     2.2


SKY COVER
  AVERAGE SKY COVER 0.0


WEATHER CONDITIONS
 THE FOLLOWING WEATHER WAS RECORDED YESTERDAY.
  NO SIGNIFICANT WEATHER WAS OBSERVED.


RELATIVE HUMIDITY (PERCENT)
 HIGHEST    88           500 AM
 LOWEST     13           400 PM
 AVERAGE    51

..........................................................


THE SPRINGFIELD VT CLIMATE NORMALS FOR TODAY
                         NORMAL    RECORD    YEAR
 MAXIMUM TEMPERATURE (F)   60        84      2001
 MINIMUM TEMPERATURE (F)   36        27      2003


SUNRISE AND SUNSET
APRIL 24 2018.........SUNRISE   553 AM EDT   SUNSET   744 PM EDT
APRIL 25 2018.........SUNRISE   552 AM EDT   SUNSET   745 PM EDT


-  INDICATES NEGATIVE NUMBERS.
R  INDICATES RECORD WAS SET OR TIED.
MM INDICATES DATA IS MISSING.
T  INDICATES TRACE AMOUNT.




$$
