000
CDUS45 KLKN 270034
CLIWMC


CLIMATE REPORT
NATIONAL WEATHER SERVICE ELKO NV
532 PM PDT THU APR 26 2018


...................................

...THE WINNEMUCCA AIRPORT NV CLIMATE SUMMARY FOR APRIL 26 2018...
VALID TODAY AS OF 0500 PM LOCAL TIME.

CLIMATE NORMAL PERIOD 1981 TO 2010
CLIMATE RECORD PERIOD 1877 TO 2018


WEATHER ITEM   OBSERVED TIME   RECORD YEAR NORMAL DEPARTURE LAST
                VALUE   (LST)  VALUE       VALUE  FROM      YEAR
                                                  NORMAL
..................................................................
TEMPERATURE (F)
 TODAY
  MAXIMUM         83    245 PM  86    1987  66     17       61
  MINIMUM         43    502 AM  13    1985  33     10       35
  AVERAGE         63                        49     14       48

PRECIPITATION (IN)
  TODAY            0.00          0.68 1970   0.04  -0.04     0.15
  MONTH TO DATE    1.62                      0.76   0.86     0.93
  SINCE OCT 1      5.93                      5.60   0.33     9.34
  SINCE JAN 1      4.59                      3.12   1.47     4.80

SNOWFALL (IN)
  TODAY            0.0           6.5  1970   0.1   -0.1      0.0
  MONTH TO DATE    1.7                       1.5    0.2       T
  SINCE MAR 1     16.9                       4.7   12.2      2.2
  SINCE JUL 1     28.1                      20.7    7.4     18.3
  SNOW DEPTH       0

DEGREE DAYS
 HEATING
  TODAY            2                        16    -14       17
  MONTH TO DATE  405                       491    -86      479
  SINCE MAR 1   1183                      1230    -47     1105
  SINCE JUL 1   5422                      5819   -397     5544

 COOLING
  TODAY            0                         0      0        0
  MONTH TO DATE    0                         0      0        0
  SINCE MAR 1      0                         0      0        0
  SINCE JAN 1      0                         0      0        0
..................................................................


WIND (MPH)
  HIGHEST WIND SPEED    22   HIGHEST WIND DIRECTION    NE (50)
  HIGHEST GUST SPEED    27   HIGHEST GUST DIRECTION    NE (40)



WEATHER CONDITIONS
 THE FOLLOWING WEATHER WAS RECORDED TODAY.
  NO SIGNIFICANT WEATHER WAS OBSERVED.


RELATIVE HUMIDITY (PERCENT)
 HIGHEST    53           500 AM
 LOWEST     10           200 PM
 AVERAGE    32

..........................................................


THE WINNEMUCCA AIRPORT NV CLIMATE NORMALS FOR TOMORROW
                         NORMAL    RECORD    YEAR
 MAXIMUM TEMPERATURE (F)   66        88      1987
 MINIMUM TEMPERATURE (F)   33        13      1955


SUNRISE AND SUNSET
APRIL 26 2018.........SUNRISE   556 AM PDT   SUNSET   743 PM PDT
APRIL 27 2018.........SUNRISE   555 AM PDT   SUNSET   744 PM PDT


-  INDICATES NEGATIVE NUMBERS.
R  INDICATES RECORD WAS SET OR TIED.
MM INDICATES DATA IS MISSING.
T  INDICATES TRACE AMOUNT.




$$
