000
CXUS42 KFFC 131518
CLMATL


CLIMATE REPORT
NATIONAL WEATHER SERVICE PEACHTREE CITY GA
1117 AM EDT FRI APR 13 2018

...................................

...THE ATLANTA CLIMATE SUMMARY FOR THE MONTH OF MARCH 2018...

CLIMATE NORMAL PERIOD 1981 TO 2010
CLIMATE RECORD PERIOD 1878 TO 2018

WEATHER         OBSERVED          NORMAL  DEPART  LAST YEAR`S
                 VALUE   DATE(S)  VALUE   FROM    VALUE  DATE(S)
                                          NORMAL
................................................................
TEMPERATURE (F)
RECORD
 HIGH              89   03/23/1995
 LOW               10   03/05/1960
HIGHEST            77   03/18        89     -12       86  03/21
LOWEST             30   03/09        11      19       25  03/16
AVG. MAXIMUM     63.2              64.6    -1.4     67.9
AVG. MINIMUM     43.7              44.1    -0.4     47.5
MEAN             53.5              54.3    -0.8     57.7
DAYS MAX >= 90      0               0.0     0.0        0
DAYS MAX <= 32      0               0.0     0.0        0
DAYS MIN <= 32      2               2.9    -0.9        3
DAYS MIN <= 0       0               0.0     0.0        0

PRECIPITATION (INCHES)
RECORD
 MAXIMUM        13.28   1929
 MINIMUM         0.88   1905
TOTALS           4.86              4.81    0.05     2.68
DAILY AVG.       0.16              0.16    0.00     0.09
DAYS >= .01        10               9.7     0.3       15
DAYS >= .10         8               6.4     1.6       10
DAYS >= .50         4               3.1     0.9        1
DAYS >= 1.00        1               1.6    -0.6        0
GREATEST
 24 HR. TOTAL    1.41   03/19 TO 03/19           03/07 TO 03/07
                                                          03/15 TO 03/15EATHER         OBSERVED          NORMAL  DEPART  LAST YEAR`S
                                                          03/15 TO 03/15EATHER         OBSERVED          NORMAL  DEPART  LAST YEAR`S

SNOWFALL (INCHES)
RECORDS
 TOTAL              T   2017
                        2016
                        2013
 24 HR TOTAL        T   03/15/2017 TO 03/15/2017
                        03/03/2016 TO 03/03/2016
                        03/03/2016 TO 03/26/2013
TOTALS            0.0               0.8    -0.8        T
SINCE 7/1         4.7               2.9     1.8        T
SNOWDEPTH AVG.      0                MM      MM        0
DAYS >= TRACE       0               0.3    -0.3        1
DAYS >= 1.0         0               0.2    -0.2        0
GREATEST
 24 HR TOTAL      0.0   03/31 TO 03/31           03/15 TO 03/15
                                                          03/15 TO 03/15EATHER         OBSERVED          NORMAL  DEPART  LAST YEAR`S
                                                          03/15 TO 03/15EATHER         OBSERVED          NORMAL  DEPART  LAST YEAR`S

DEGREE_DAYS
HEATING TOTAL     352               342      10      263
 SINCE 7/1       2296              2597    -301     1619
COOLING TOTAL       4                12      -8       45
 SINCE 1/1         31                13      18       50
.................................................................

WIND (MPH)
AVERAGE WIND SPEED              10.5
HIGHEST WIND SPEED/DIRECTION    37/330    DATE  03/12
HIGHEST GUST SPEED/DIRECTION    46/250    DATE  03/21

SKY COVER
POSSIBLE SUNSHINE (PERCENT)   MM
AVERAGE SKY COVER           0.60
NUMBER OF DAYS FAIR           10
NUMBER OF DAYS PC              9
NUMBER OF DAYS CLOUDY         12

AVERAGE RH (PERCENT)     63

WEATHER CONDITIONS. NUMBER OF DAYS WITH
  0
  7
  0
  1
  0
  0
  1
HAZE                      0

-  INDICATES NEGATIVE NUMBERS.
R  INDICATES RECORD WAS SET OR TIED.
MM INDICATES DATA IS MISSING.
T  INDICATES TRACE AMOUNT.

$$
