000
CXUS42 KFFC 131518
CLMCSG


CLIMATE REPORT
NATIONAL WEATHER SERVICE PEACHTREE CITY GA
1117 AM EDT FRI APR 13 2018

...................................

...THE COLUMBUS CLIMATE SUMMARY FOR THE MONTH OF MARCH 2018...

CLIMATE NORMAL PERIOD 1981 TO 2010
CLIMATE RECORD PERIOD 1948 TO 2018

WEATHER         OBSERVED          NORMAL  DEPART  LAST YEAR`S
                 VALUE   DATE(S)  VALUE   FROM    VALUE  DATE(S)
                                          NORMAL
................................................................
TEMPERATURE (F)
RECORD
 HIGH              89   03/29/2007
                        03/25/2007
                        03/18/1982
 LOW               16   03/03/1980
HIGHEST            83   03/01        89      -6       88  03/21
LOWEST             31   03/15        16      15       25  03/16
                        03/09
AVG. MAXIMUM     69.1              69.5    -0.4     71.8
AVG. MINIMUM     46.0              46.1    -0.1     48.7
MEAN             57.5              57.8    -0.3     60.3
DAYS MAX >= 90      0               0.0     0.0        0
DAYS MAX <= 32      0               0.0     0.0        0
DAYS MIN <= 32      2               1.7     0.3        2
DAYS MIN <= 0       0               0.0     0.0        0

PRECIPITATION (INCHES)
RECORD
 MAXIMUM        13.30   2001
 MINIMUM         0.56   2004
TOTALS           3.15              5.46   -2.31     1.53
DAILY AVG.       0.10              0.18   -0.08     0.05
DAYS >= .01         9               8.9     0.1       12
DAYS >= .10         4               6.4    -2.4        6
DAYS >= .50         3               3.4    -0.4        0
DAYS >= 1.00        1               1.7    -0.7        0
GREATEST
 24 HR. TOTAL    1.02   03/11 TO 03/11           03/01 TO 03/01
                                                          03/31 TO 03/31EATHER         OBSERVED          NORMAL  DEPART  LAST YEAR`S
                                                          03/31 TO 03/31EATHER         OBSERVED          NORMAL  DEPART  LAST YEAR`S

SNOWFALL (INCHES)
RECORDS
 TOTAL              T   2008
 24 HR TOTAL        T   MM
TOTALS            0.0               0.1    -0.1      0.0
SINCE 7/1         2.0               0.4     1.6      0.0
SNOWDEPTH AVG.      0                MM      MM        0
DAYS >= TRACE       0               0.0     0.0        0
DAYS >= 1.0         0               0.0     0.0        0
GREATEST
 24 HR TOTAL      0.0   03/31 TO 03/31           03/31 TO 03/31
                                                          03/31 TO 03/31EATHER         OBSERVED          NORMAL  DEPART  LAST YEAR`S
                                                          03/31 TO 03/31EATHER         OBSERVED          NORMAL  DEPART  LAST YEAR`S

DEGREE_DAYS
HEATING TOTAL     252               246       6      203
 SINCE 7/1       1709              2023    -314     1333
COOLING TOTAL      25                23       2       70
 SINCE 1/1         97                27      70       87
.................................................................

WIND (MPH)
AVERAGE WIND SPEED              7.5
HIGHEST WIND SPEED/DIRECTION    29/320    DATE  03/21
HIGHEST GUST SPEED/DIRECTION    38/320    DATE  03/21

SKY COVER
POSSIBLE SUNSHINE (PERCENT)   MM
AVERAGE SKY COVER           0.40
NUMBER OF DAYS FAIR           16
NUMBER OF DAYS PC              9
NUMBER OF DAYS CLOUDY          6

AVERAGE RH (PERCENT)     57

WEATHER CONDITIONS. NUMBER OF DAYS WITH
  0
  6
  0
  0
  0
  0
  1
HAZE                      5

-  INDICATES NEGATIVE NUMBERS.
R  INDICATES RECORD WAS SET OR TIED.
MM INDICATES DATA IS MISSING.
T  INDICATES TRACE AMOUNT.

$$
