544
CXUS53 KDDC 011524
CLMDGC


CLIMATE REPORT
NATIONAL WEATHER SERVICE DODGE CITY KS
1016 AM CDT SUN APR 1 2018

...................................

...THE DODGE CITY KS CLIMATE SUMMARY FOR THE MONTH OF MARCH 2018...

CLIMATE NORMAL PERIOD 1981 TO 2010
CLIMATE RECORD PERIOD 1875 TO 2018

WEATHER         OBSERVED          NORMAL  DEPART  LAST YEAR`S
                 VALUE   DATE(S)  VALUE   FROM    VALUE  DATE(S)
                                          NORMAL
................................................................
TEMPERATURE (F)
RECORD
 HIGH              98   03/19/1907
 LOW              -15   03/11/1948
HIGHEST            89   03/23        57      32       94  03/19
LOWEST             16   03/12        30     -14       17  03/02
                        03/07
AVG. MAXIMUM     64.0              57.8     6.2     64.8
AVG. MINIMUM     31.6              31.0     0.6     34.1
MEAN             47.8              44.4     3.4     49.5
DAYS MAX >= 90      0               0.0     0.0        1
DAYS MAX <= 32      0               1.4    -1.4        0
DAYS MIN <= 32     17              16.8     0.2       14
DAYS MIN <= 0       0               0.1    -0.1        0

PRECIPITATION (INCHES)
RECORD
 MAXIMUM         8.84   1973
 MINIMUM         0.00   1997
                        1893
TOTALS           1.06              1.59   -0.53     2.58
DAYS >= .01         4               6.5    -2.5        4
DAYS >= .10         2               3.5    -1.5        2
DAYS >= .50         1               1.1    -0.1        2
DAYS >= 1.00        0               0.2    -0.2        2
GREATEST
 24 HR. TOTAL    0.64   03/18 TO 03/18           03/28 TO 03/28
                                                          03/31 TO 03/31
                                                          03/31 TO 03/31

SNOWFALL (INCHES)
RECORDS
 TOTAL           24.3   1924
 24 HR TOTAL     12.5   03/27/2009 TO 03/28/2009
 SNOW DEPTH        13   03/28/2009
TOTALS            1.0               4.9    -3.9      0.0
SINCE 7/1         2.4              20.0   -17.6      5.0
SNOWDEPTH AVG.      0                MM      MM        0
DAYS >= 1.0         1               1.3    -0.3        0
GREATEST
 SNOW DEPTH         1   03/19                          0  MM
 24 HR TOTAL      1.0   03/19 TO 03/19           03/31 TO 03/31
                                                          03/31 TO 03/31
                                                          03/31 TO 03/31

DEGREE_DAYS
HEATING TOTAL     529               640    -111      484
 SINCE 7/1       4185              4487    -302     3718
COOLING TOTAL       4                 1       3        9
 SINCE 1/1          4                 1       3        9
..................................................

WIND (MPH)
AVERAGE WIND SPEED              14.3
RESULTANT WIND SPEED/DIRECTION   1/192
HIGHEST WIND SPEED/DIRECTION    47/280    DATE  03/16
HIGHEST GUST SPEED/DIRECTION    66/320    DATE  03/06

SKY COVER
POSSIBLE SUNSHINE (PERCENT)   MM
AVERAGE SKY COVER           0.20
NUMBER OF DAYS FAIR           23
NUMBER OF DAYS PC              6
NUMBER OF DAYS CLOUDY          2


WEATHER CONDITIONS. NUMBER OF DAYS WITH
THUNDERSTORM              1     MIXED PRECIP               0
HEAVY RAIN                1     RAIN                       2
LIGHT RAIN                6     FREEZING RAIN              0
LT FREEZING RAIN          0     HAIL                       0
HEAVY SNOW                0     SNOW                       1
LIGHT SNOW                1     SLEET                      0
FOG                       8     FOG W/VIS <= 1/4 MILE      1
HAZE                     15

-  INDICATES NEGATIVE NUMBERS.
R  INDICATES RECORD WAS SET OR TIED.
MM INDICATES DATA IS MISSING.
T  INDICATES TRACE AMOUNT.

$$
