000
CXUS54 KAMA 011536
CLMDHT


CLIMATE REPORT
NATIONAL WEATHER SERVICE AMARILLO TX
1036 AM CDT TUE MAY 1 2018

...................................

...THE DALHART CLIMATE SUMMARY FOR THE MONTH OF APRIL 2018...

CLIMATE NORMAL PERIOD 1981 TO 2010
CLIMATE RECORD PERIOD 1948 TO 2018

WEATHER         OBSERVED          NORMAL  DEPART  LAST YEAR`S
                 VALUE   DATE(S)  VALUE   FROM    VALUE  DATE(S)
                                          NORMAL
................................................................
TEMPERATURE (F)
RECORD
 HIGH              96   04/30/2013
                        04/25/2012
                        54/01/2206
 LOW               16   04/04/1979
HIGHEST            90   04/12                         88  04/24
                        04/11                             04/19
                                                          04/18
LOWEST             19   04/04                         31  04/23
AVG. MAXIMUM     69.1              69.5    -0.4     70.2
AVG. MINIMUM     33.8              37.7    -3.9     42.3
MEAN             51.4              53.6    -2.2     56.2
DAYS MAX >= 90      2               0.3     1.7        0
DAYS MAX <= 32      0               0.1    -0.1        0
DAYS MIN <= 32     13               6.8     6.2        2
DAYS MIN <= 0       0               0.0     0.0        0

PRECIPITATION (INCHES)
TOTALS           0.73              1.08   -0.35     4.19
DAILY AVG.       0.02              0.04   -0.02     0.14
DAYS >= .01         3               5.1    -2.1        9
DAYS >= .10         2               2.5    -0.5        9
DAYS >= .50         1               0.7     0.3        4
DAYS >= 1.00        0               0.2    -0.2        1
GREATEST
 24 HR. TOTAL    0.56   04/20 TO 04/20

SNOWFALL (INCHES)
TOTALS            0.0               1.2    -1.2     10.0
SINCE 7/1         2.3              18.9   -16.6     11.3
DAYS >= TRACE       0               1.0    -1.0
DAYS >= 1.0         0               0.6    -0.6        2
GREATEST
 SNOW DEPTH         0   MM
 24 HR TOTAL      0.0   04/30 TO 04/30

DEGREE_DAYS
HEATING TOTAL     407               348      59      284
 SINCE 7/1       4087              4602    -515     3516
COOLING TOTAL       5                 6      -1       29
 SINCE 1/1          5                 6      -1       35
.................................................................

WIND (MPH)
AVERAGE WIND SPEED              14.9
HIGHEST WIND SPEED/DIRECTION    45/010    DATE  04/26
HIGHEST GUST SPEED/DIRECTION    58/010    DATE  04/26

SKY COVER
POSSIBLE SUNSHINE (PERCENT)   MM
NUMBER OF DAYS FAIR           22
NUMBER OF DAYS PC              6
NUMBER OF DAYS CLOUDY          2

AVERAGE RH (PERCENT)     51

WEATHER CONDITIONS. NUMBER OF DAYS WITH
THUNDERSTORM              0     MIXED PRECIP               0
HEAVY RAIN                1     RAIN                       2
LIGHT RAIN                4     FREEZING RAIN              0
LT FREEZING RAIN          0     HEAVY SNOW                 0
SNOW                      0     LIGHT SNOW                 1
SLEET                     0     FOG                        6
FOG W/VIS <= 1/4 MILE     0     HAZE                       8

-  INDICATES NEGATIVE NUMBERS.
R  INDICATES RECORD WAS SET OR TIED.
MM INDICATES DATA IS MISSING.
T  INDICATES TRACE AMOUNT.

$$
