000
CXUS51 KCAR 040746
CLMFVE


CLIMATE REPORT
NATIONAL WEATHER SERVICE CARIBOU, ME
345 AM EDT FRI MAY 4 2018

...................................

...THE FRENCHVILLE ME CLIMATE SUMMARY FOR THE MONTH OF APRIL 2018...

CLIMATE NORMAL PERIOD 1981 TO 2010
CLIMATE RECORD PERIOD 9999 TO 9999

WEATHER         OBSERVED          NORMAL  DEPART  LAST YEAR`S
                 VALUE   DATE(S)  VALUE   FROM    VALUE  DATE(S)
                                          NORMAL
................................................................
TEMPERATURE (F)
RECORD
 HIGH              MM   MM
 LOW               MM   MM
HIGHEST            65   04/24        MM      MM       65  04/10
LOWEST              8   04/06        MM      MM       21  04/25
AVG. MAXIMUM     43.1              45.1    -2.0     45.9
AVG. MINIMUM     27.4              28.8    -1.4     31.6
MEAN             35.2              37.0    -1.8     38.8
DAYS MAX >= 90      0               0.0     0.0        0
DAYS MAX <= 32      4               1.8     2.2        1
DAYS MIN <= 32     20              20.0     0.0       17
DAYS MIN <= 0       0               0.1    -0.1        0

PRECIPITATION (INCHES)
RECORD
 MAXIMUM           MM   MM
 MINIMUM           MM   MM
TOTALS           3.79              2.81    0.98     2.72
DAILY AVG.       0.13              0.09    0.04     0.09
DAYS >= .01        15                MM      MM       19
DAYS >= .10         7                MM      MM        7
DAYS >= .50         3                MM      MM        1
DAYS >= 1.00        1                MM      MM        0
GREATEST
 24 HR. TOTAL    1.21   04/26 TO 04/26           04/26 TO 04/26
                                                          04/26 TO 04/26EATHER         OBSERVED          NORMAL  DEPART  LAST YEAR`S
                                                          04/26 TO 04/26EATHER         OBSERVED          NORMAL  DEPART  LAST YEAR`S
 STORM TOTAL       MM                                 MM
 (MM/DD(HH))            MM                    04/26(00) TO 04/26(00)
                                                 04/26(00) TO 04/26(00)6EATHER         OBSERVED          NORMAL  DEPART  LAST YEAR`S
                                                 04/26(00) TO 04/26(00)6EATHER         OBSERVED          NORMAL  DEPART  LAST YEAR`S

SNOWFALL (INCHES)
RECORDS
 TOTAL             MM   MM
TOTALS             MM                MM      MM       MM
SINCE 7/1          MM                MM      MM       MM
SNOWDEPTH AVG.      0                MM      MM       MM
DAYS >= 1.0         0                MM      MM        0
GREATEST
 SNOW DEPTH         0   MM                            MM  MM
 24 HR TOTAL       MM                                 MM

DEGREE_DAYS
HEATING TOTAL     888               841      47      780
 SINCE 7/1       8852              9132    -280     8390
COOLING TOTAL       0                 0       0        0
 SINCE 1/1          0                 0       0        0
.................................................................

WIND (MPH)
AVERAGE WIND SPEED              9.9
HIGHEST WIND SPEED/DIRECTION    33/250    DATE  04/01
HIGHEST GUST SPEED/DIRECTION    46/250    DATE  04/01

SKY COVER
POSSIBLE SUNSHINE (PERCENT)   MM
AVERAGE SKY COVER           0.60
NUMBER OF DAYS FAIR            9
NUMBER OF DAYS PC              8
NUMBER OF DAYS CLOUDY         13

AVERAGE RH (PERCENT)     60

WEATHER CONDITIONS. NUMBER OF DAYS WITH
  0
  5
  1
  0
  3
  0
  9
HAZE                      6

-  INDICATES NEGATIVE NUMBERS.
R  INDICATES RECORD WAS SET OR TIED.
MM INDICATES DATA IS MISSING.
T  INDICATES TRACE AMOUNT.

$$
