000
CXUS53 KDDC 171413 CCA
CLMGCK

CLIMATE REPORT
NATIONAL WEATHER SERVICE DODGE CITY KS
913 AM CDT THU MAY 17 2018

...................................

...THE GARDEN CITY REGIONAL ARPT KS CLIMATE SUMMARY FOR THE MONTH OF APRIL 2018...

CLIMATE NORMAL PERIOD 1981 TO 2010
CLIMATE RECORD PERIOD 1948 TO 2018

WEATHER         OBSERVED          NORMAL  DEPART  LAST YEAR`S
                 VALUE   DATE(S)  VALUE   FROM    VALUE  DATE(S)
                                          NORMAL
................................................................
TEMPERATURE (F)
RECORD
 HIGH             100   04/22/1989
 LOW               10   04/12/1997
HIGHEST            94   04/12        MM      MM       91  04/19
LOWEST             14   04/15        MM      MM       27  04/06
AVG. MAXIMUM     65.4              67.3    -1.9     68.1
AVG. MINIMUM     31.1              38.6    -7.5     42.5
MEAN             48.2              53.0    -4.8     55.3
DAYS MAX >= 90      2               0.6     1.4        1
DAYS MAX <= 32      0               0.0     0.0        0
DAYS MIN <= 32     15               6.9     8.1        4
DAYS MIN <= 0       0               0.0     0.0        0

PRECIPITATION (INCHES)
RECORD
 MAXIMUM         4.77   1984
 MINIMUM            T   1963
TOTALS           0.40              1.72   -1.32     3.44
DAYS >= .01         8               6.8     1.2        6
DAYS >= .10         1               4.0    -3.0        6
DAYS >= .50         0               1.1    -1.1        3
DAYS >= 1.00        0               0.3    -0.3        0
GREATEST
 24 HR. TOTAL    0.21   04/24 TO 04/24           04/28 TO 04/28

DEGREE_DAYS
HEATING TOTAL     504               374     130      303
 SINCE 7/1       4966              5062     -96     4287
COOLING TOTAL       8                12      -4       29
 SINCE 1/1         12                12       0       37
.................................................................

WIND (MPH)
AVERAGE WIND SPEED              15.4
HIGHEST WIND SPEED/DIRECTION    53/330    DATE  04/17
HIGHEST GUST SPEED/DIRECTION    72/330    DATE  04/17

SKY COVER
POSSIBLE SUNSHINE (PERCENT)   MM
AVERAGE SKY COVER           0.30
NUMBER OF DAYS FAIR           18
NUMBER OF DAYS PC             10
NUMBER OF DAYS CLOUDY          2

THUNDERSTORM              2     MIXED PRECIP                0
HEAVY RAIN                0     RAIN                        1
LIGHT RAIN                7     FREEZING RAIN               0
LT FREEZING RAIN          1     HAIL                        1
HEAVY SNOW                0     SNOW                        0
LIGHT SNOW                4     SLEET                       0
FOG                      10     FOG W/VIS <= 1/4 MILE       0
HAZE                      8


-  INDICATES NEGATIVE NUMBERS.
R  INDICATES RECORD WAS SET OR TIED.
MM INDICATES DATA IS MISSING.
T  INDICATES TRACE AMOUNT.

$$
