000
CXUS52 KILM 011224
CLMLBT


CLIMATE REPORT
NATIONAL WEATHER SERVICE WILMINGTON NC
818 AM EDT TUE MAY 1 2018

...................................

...THE LUMBERTON NORTH CAROLINA CLIMATE SUMMARY FOR THE MONTH OF APRIL 2018...

CLIMATE NORMAL PERIOD 1981 TO 2010
CLIMATE RECORD PERIOD 1903 TO 2018

WEATHER         OBSERVED          NORMAL  DEPART  LAST YEAR`S
                 VALUE   DATE(S)  VALUE   FROM    VALUE  DATE(S)
                                          NORMAL
................................................................
TEMPERATURE (F)
RECORD
 HIGH              96   04/24/1925
 LOW               22   04/08/2007
HIGHEST            85   04/03        MM      MM       89
                        04/02
LOWEST             32   04/17        MM      MM       35
AVG. MAXIMUM     72.6              74.5    -1.9     77.9
AVG. MINIMUM     45.8              49.0    -3.2     56.3
MEAN             59.2              61.7    -2.5     67.1
DAYS MAX >= 90      0               0.6    -0.6        0
DAYS MAX <= 32      0               0.0     0.0        0
DAYS MIN <= 32      1               1.0     0.0        0
DAYS MIN <= 0       0               0.0     0.0        0

PRECIPITATION (INCHES)
RECORD
 MAXIMUM        13.74   1918
 MINIMUM         0.11   1976
TOTALS           3.50              2.82    0.68
DAILY AVG.       0.12              0.09    0.03
DAYS >= .01         8               8.0     0.0
DAYS >= .10         6               5.0     1.0
DAYS >= .50         3               2.0     1.0
DAYS >= 1.00        1               1.0     0.0
GREATEST
 24 HR. TOTAL    1.18   04/24 TO 04/24

DEGREE_DAYS
HEATING TOTAL     193               153      40       53
 SINCE 7/1       2743              2729      14
COOLING TOTAL      29                55     -26      122
 SINCE 1/1         79                68      11

FREEZE DATES
RECORD
 EARLIEST     10/03/1981
 LATEST       05/10/1980
EARLIEST                        11/01
LATEST                          04/01
.................................................................

WIND (MPH)
AVERAGE WIND SPEED              7.9
RESULTANT WIND SPEED/DIRECTION   2/212
HIGHEST WIND SPEED/DIRECTION    29/240    DATE  04/04
HIGHEST GUST SPEED/DIRECTION    38/190    DATE  04/15

SKY COVER
POSSIBLE SUNSHINE (PERCENT)   MM
AVERAGE SKY COVER           0.30
NUMBER OF DAYS FAIR           20
NUMBER OF DAYS PC              7
NUMBER OF DAYS CLOUDY          3

AVERAGE RH (PERCENT)     66

WEATHER CONDITIONS. NUMBER OF DAYS WITH
THUNDERSTORM              1     MIXED PRECIP               M
HEAVY RAIN                3     RAIN                       6
LIGHT RAIN               10     FREEZING RAIN              0
LT FREEZING RAIN          0     HAIL                       M
HEAVY SNOW                0     SNOW                       0
LIGHT SNOW                0     SLEET                      0
FOG                      13     FOG W/VIS <= 1/4 MILE      0
HAZE                      1

-  INDICATES NEGATIVE NUMBERS.
R  INDICATES RECORD WAS SET OR TIED.
MM INDICATES DATA IS MISSING.
T  INDICATES TRACE AMOUNT.

$$
