000
CXUS55 KPUB 020137 CCA
CLMPUB

CLIMATE REPORT...CORRECTION
NATIONAL WEATHER SERVICE PUEBLO
733 PM MDT TUE MAY 1 2018

...................................

...THE PUEBLO CO CLIMATE SUMMARY FOR THE MONTH OF APRIL 2018...

CLIMATE NORMAL PERIOD 1981 TO 2010
CLIMATE RECORD PERIOD 1888 TO 2018

WEATHER         OBSERVED          NORMAL  DEPART  LAST YEAR`S
                 VALUE   DATE(S)  VALUE   FROM    VALUE  DATE(S)
                                          NORMAL
................................................................
TEMPERATURE (F)
RECORD
 HIGH              93   04/30/1992
                        04/21/1989
 LOW                2   04/12/1997
                        04/02/1975
                        04/08/1957
HIGHEST            88   04/11        69      19       87  04/14
LOWEST             20   04/04        30     -10       28  04/10
AVG. MAXIMUM     69.3              67.2     2.1     67.0
AVG. MINIMUM     33.1              33.9    -0.8     38.0
MEAN             51.2              50.6     0.6     52.5
DAYS MAX >= 90      0               0.2    -0.2
DAYS MAX <= 32      0               0.1    -0.1
DAYS MIN <= 32     14              11.6     2.4
DAYS MIN <= 0       0               0.0     0.0

PRECIPITATION (INCHES)
RECORD
 MAXIMUM         8.13   1900
 MINIMUM            T   1963
TOTALS           0.49              1.40   -0.91     4.19
DAILY AVG.       0.02              0.05   -0.03
DAYS >= .01         6               6.6    -0.6
DAYS >= .10         2               3.6    -1.6
DAYS >= .50         0               0.7    -0.7
DAYS >= 1.00        0               0.2    -0.2
GREATEST
 24 HR. TOTAL    0.13   04/09

SNOWFALL (INCHES)
RECORDS
 TOTAL           21.2   1957
TOTALS              T               3.8    -3.8     14.0
SINCE 7/1        13.7              31.3   -17.6     28.2
SNOWDEPTH AVG.      0
DAYS >= 1.0         0               1.0    -1.0
GREATEST
 SNOW DEPTH         0                                  8
 24 HR TOTAL        T   04/13                        8.4

DEGREE_DAYS
HEATING TOTAL     413               435     -22      368
 SINCE 7/1       4827              5440    -613     4344
COOLING TOTAL       6                 2       4        0
 SINCE 1/1          6                 2       4        0
.................................................................

WIND (MPH)
AVERAGE WIND SPEED              11.3
HIGHEST WIND SPEED/DIRECTION    53/240    DATE  04/17
HIGHEST GUST SPEED/DIRECTION    69/250    DATE  04/17

SKY COVER
POSSIBLE SUNSHINE (PERCENT)   MM
AVERAGE SKY COVER           0.20
NUMBER OF DAYS FAIR           20
NUMBER OF DAYS PC              8
NUMBER OF DAYS CLOUDY          2

AVERAGE RH (PERCENT)     44

WEATHER CONDITIONS. NUMBER OF DAYS WITH
THUNDERSTORM              1     MIXED PRECIP               0
HEAVY RAIN                0     RAIN                       1
LIGHT RAIN                8     FREEZING RAIN              0
LT FREEZING RAIN          0     HAIL                       1
HEAVY SNOW                0     SNOW                       0
LIGHT SNOW                2     SLEET                      0
FOG                       8     FOG W/VIS <= 1/4 MILE      0
HAZE                      4                                                           4

-  INDICATES NEGATIVE NUMBERS.
R  INDICATES RECORD WAS SET OR TIED.
MM INDICATES DATA IS MISSING.
T  INDICATES TRACE AMOUNT.

$$
