000
CXUS51 KPHI 021410 CCA
CLMRDG

CLIMATE REPORT
NATIONAL WEATHER SERVICE MOUNT HOLLY NJ
1056 AM EDT SUN APR 1 2018

...................................

...THE READING PA CLIMATE SUMMARY FOR THE MONTH OF MARCH 2018...

CLIMATE NORMAL PERIOD 1981 TO 2010
CLIMATE RECORD PERIOD 1869 TO 2018

WEATHER         OBSERVED          NORMAL  DEPART  LAST YEAR`S
                 VALUE   DATE(S)  VALUE   FROM    VALUE
                                          NORMAL
.............................................................
TEMPERATURE (F)
RECORD
 HIGH              88   03/30/1998
 LOW               -2   03/10/1984
HIGHEST            65                MM      MM       72
LOWEST             23                MM      MM       11
AVG. MAXIMUM     46.1              50.7    -4.6     47.8
AVG. MINIMUM     30.3              31.4    -1.1     30.4
MEAN             38.2              41.1    -2.9     39.1
DAYS MAX >= 90      0               0.0     0.0        0
DAYS MAX <= 32      0               0.8    -0.8        4
DAYS MIN <= 32     24              16.7     7.3       16
DAYS MIN <= 0       0               0.0     0.0        0

PRECIPITATION (INCHES)
RECORD
 MAXIMUM         7.19   1913
 MINIMUM         0.62   2006
TOTALS           2.68              3.48   -0.80     4.02
DAILY AVG.       0.09              0.11   -0.02     0.13
DAYS >= .01        12                MM      MM       12
DAYS >= .10         4                MM      MM        9
DAYS >= .50         3                MM      MM        3
DAYS >= 1.00        0                MM      MM        1
GREATEST
 24 HR. TOTAL    0.76   03/21 TO 03/21              1.26

DEGREE_DAYS
HEATING TOTAL     824               743      81      794
 SINCE 7/1       4613              4785    -172     4156
COOLING TOTAL       0                 0       0        0
 SINCE 1/1          1                 0       1        0
..............................................................

WIND (MPH)
AVERAGE WIND SPEED              9.8
HIGHEST WIND SPEED/DIRECTION    40/330    DATE  03/02
HIGHEST GUST SPEED/DIRECTION    58/340    DATE  03/02

SKY COVER
POSSIBLE SUNSHINE (PERCENT)   MM
AVERAGE SKY COVER           0.40
NUMBER OF DAYS FAIR           14
NUMBER OF DAYS PC             11
NUMBER OF DAYS CLOUDY          6

AVERAGE RH (PERCENT)     65

WEATHER CONDITIONS. NUMBER OF DAYS WITH
THUNDERSTORM              0     MIXED PRECIP               0
HEAVY RAIN                0     RAIN                       3
LIGHT RAIN               13     FREEZING RAIN              0
LT FREEZING RAIN          0     HEAVY SNOW                 1
SNOW                      2     LIGHT SNOW                11
SLEET                     0     FOG                       14
FOG W/VIS <= 1/4 MILE     2     HAZE                       0

-  INDICATES NEGATIVE NUMBERS.
R  INDICATES RECORD WAS SET OR TIED.
MM INDICATES DATA IS MISSING.
T  INDICATES TRACE AMOUNT.

$$
