000
CXUS54 KTSA 021321
CLMTUL

CLIMATE REPORT
NATIONAL WEATHER SERVICE TULSA OK
820 AM CDT MON APR 2 2018

...................................

...THE TULSA OKLAHOMA CLIMATE SUMMARY FOR THE MONTH OF MARCH 2018...

CLIMATE NORMAL PERIOD 1981 TO 2010
CLIMATE RECORD PERIOD 1882 TO 2018

WEATHER         OBSERVED          NORMAL  DEPART  LAST YEAR`S
                 VALUE   DATE(S)  VALUE   FROM    VALUE  DATE(S)
                                          NORMAL
................................................................
TEMPERATURE (F)
RECORD
 HIGH              99   03/18/1907
 LOW               -3   03/12/1948
HIGHEST            78   03/16        62      16       92  03/20
LOWEST             26   03/13        40     -14       28  03/14
                        03/07                             03/12
                                                          03/02
AVG. MAXIMUM     64.9              62.4     2.5     68.5
AVG. MINIMUM     41.1              40.1     1.0     44.7
MEAN             53.0              51.3     1.7     56.6
DAYS MAX >= 90      0               0.1    -0.1        1
DAYS MAX <= 32      0               0.4    -0.4        0
DAYS MIN <= 32      5               6.3    -1.3        5
DAYS MIN <= 0       0               0.0     0.0        0

PRECIPITATION (INCHES)
RECORD
 MAXIMUM        11.94   1973
 MINIMUM         0.08   1971
TOTALS           3.31              3.29    0.02     1.77
DAILY AVG.       0.11              0.11    0.00     0.06
DAYS >= .01         7               8.7    -1.7        8
DAYS >= .10         3               5.4    -2.4        4
DAYS >= .50         2               2.1    -0.1        0
DAYS >= 1.00        2               0.9     1.1        0
GREATEST
 24 HR. TOTAL    1.73   03/26 TO 03/26

SNOWFALL (INCHES)
RECORDS
 TOTAL           19.7   1924
TOTALS            0.0               2.1    -2.1      0.0
SINCE 7/1         2.0               9.6    -7.6      0.7
SNOWDEPTH AVG.      0                MM      MM        0
DAYS >= 1.0         0               0.4    -0.4        0
GREATEST
 SNOW DEPTH         0   MM                             0  MM
 24 HR TOTAL      0.0   03/31 TO 03/31

DEGREE_DAYS
HEATING TOTAL     369               438     -69      294
 SINCE 7/1       3077              3349    -272     2515
COOLING TOTAL       3                11      -8       40
 SINCE 1/1          8                12      -4       56
.................................................................

WIND (MPH)
AVERAGE WIND SPEED              10.7
HIGHEST WIND SPEED/DIRECTION    39/290    DATE  03/06
HIGHEST GUST SPEED/DIRECTION    54/300    DATE  03/06

SKY COVER
POSSIBLE SUNSHINE (PERCENT)   MM
AVERAGE SKY COVER           0.60
NUMBER OF DAYS FAIR            7
NUMBER OF DAYS PC             14
NUMBER OF DAYS CLOUDY         10

AVERAGE RH (PERCENT)     61

WEATHER CONDITIONS. NUMBER OF DAYS WITH
THUNDERSTORM              6     MIXED PRECIP               0
HEAVY RAIN                2     RAIN                       4
LIGHT RAIN                9     FREEZING RAIN              0
LT FREEZING RAIN          0     HAIL                       0
HEAVY SNOW                0     SNOW                       0
LIGHT SNOW                0     SLEET                      0
FOG                       9     FOG W/VIS <= 1/4 MILE      0
HAZE                      4

-  INDICATES NEGATIVE NUMBERS.
R  INDICATES RECORD WAS SET OR TIED.
MM INDICATES DATA IS MISSING.
T  INDICATES TRACE AMOUNT.

&&
-------------------------------------------------------------------
 YEARLY PRECIPITATION (INCHES):
 TOTAL..................... 8.42
 DEPARTURE FROM NORMAL.....+1.51
$$
