000
CXUS53 KGRB 011618
CLSRHI

CLIMATE REPORT
NATIONAL WEATHER SERVICE GREEN BAY
1020 AM CST THU MAR 1 2018

...TIED 46TH COLDEST WINTER...
...34TH WETTEST AND SNOWIEST WINTER...

...THE RHINELANDER WI WINTER CLIMATE SUMMARY FROM 12/1/2017 TO
2/28/2018...

CLIMATE NORMAL PERIOD 1981 TO 2010
CLIMATE RECORD PERIOD 1908 TO 2018

WEATHER         OBSERVED          NORMAL  DEPART  LAST YEAR`S
                 VALUE   DATE(S)  VALUE   FROM    VALUE  DATE(S)
                                          NORMAL
................................................................
TEMPERATURE (F)
RECORD
 HIGH              62   12/02/1998
 LOW              -42   02/03/1996
HIGHEST            56   12/04        48       8       58  02/19
LOWEST            -24   01/14       -27       3      -20  01/13
                                                          01/06
AVG. MAXIMUM     23.1              24.2    -1.1     28.1
AVG. MINIMUM      4.2               6.0    -1.8     12.4
MEAN             13.7              15.1    -1.4     20.3
DAYS MAX >= 90      0               0.0     0.0        0
DAYS MAX <= 32     65              70.1    -5.1       56
DAYS MIN <= 32     89              88.6     0.4       83
DAYS MIN <= 0      35              30.5     4.5       23

PRECIPITATION (INCHES)
RECORD
 MAXIMUM         7.94   2005
 MINIMUM         0.93   1958
TOTALS           4.02              3.48    0.54     5.44
DAILY AVG.       0.05              0.04    0.01     0.06
DAYS >= .01        30                MM      MM       42
DAYS >= .10        12                MM      MM       18
DAYS >= .50         2                MM      MM        2
DAYS >= 1.00        0                MM      MM        0

SNOWFALL (INCHES)
RECORDS
 TOTAL           79.0   1969
 24 HR TOTAL       MM
TOTALS           41.7                MM      MM     44.9
SINCE 7/1        55.4                MM      MM     51.5
DAYS >= TRACE      44                MM      MM       50
DAYS >= 1.0        13                MM      MM       15
GREATEST
 SNOW DEPTH        20   02/25                         20  01/11
 24 HR TOTAL      6.3   12/13

DEGREE_DAYS
HEATING TOTAL    4602              4488     114     3985
 SINCE 7/1       6575              6622     -47     5467
COOLING TOTAL       0                 0       0        0
 SINCE 1/1          0                 0       0        0

FREEZE DATES
RECORD
 EARLIEST     08/27/1915
 LATEST       07/30/1928
EARLIEST                        09/23
LATEST                          05/20
.................................................................

WIND (MPH)
AVERAGE WIND SPEED              7.9
HIGHEST WIND SPEED/DIRECTION    32/260    DATE  12/05
HIGHEST GUST SPEED/DIRECTION    44/230    DATE  12/04

SKY COVER
POSSIBLE SUNSHINE (PERCENT)   MM
AVERAGE SKY COVER           0.60
NUMBER OF DAYS FAIR           25
NUMBER OF DAYS PC             31
NUMBER OF DAYS CLOUDY         34

AVERAGE RH (PERCENT)     76

WEATHER CONDITIONS. NUMBER OF DAYS WITH
THUNDERSTORM              0     MIXED PRECIP               0
HEAVY RAIN                1     RAIN                       1
LIGHT RAIN                5     FREEZING RAIN              0
LT FREEZING RAIN          3     HAIL                       0
HEAVY SNOW                3     SNOW                      10
LIGHT SNOW               48     SLEET                      0
FOG                      57     FOG W/VIS <= 1/4 MILE      7
HAZE                     28

-  INDICATES NEGATIVE NUMBERS.
R  INDICATES RECORD WAS SET OR TIED.
MM INDICATES DATA IS MISSING.
T  INDICATES TRACE AMOUNT.

$$
ECKBERG
