000
CXUS55 KLKN 011033
CLSWMC


CLIMATE REPORT
NATIONAL WEATHER SERVICE ELKO NV
229 AM PST THU MAR 1 2018

...................................

...THE WINNEMUCCA AIRPORT NV CLIMATE SUMMARY FOR THE SEASON, FROM
12/1/2017 TO 2/28/2018...

CLIMATE NORMAL PERIOD 1981 TO 2010
CLIMATE RECORD PERIOD 1877 TO 2018

WEATHER         OBSERVED          NORMAL  DEPART  LAST YEAR`S
                 VALUE   DATE(S)  VALUE   FROM    VALUE
                                          NORMAL
.............................................................
TEMPERATURE (F)
RECORD
 HIGH              74   02/28/1986
                        02/19/1981
 LOW              -37   12/22/1990
HIGHEST            66   01/30        65       1       67
LOWEST              0   02/20        -9       9       -7
AVG. MAXIMUM     48.6              43.3     5.3     40.4
AVG. MINIMUM     18.4              19.5    -1.1     20.7
MEAN             33.5              31.4     2.1     30.5
DAYS MAX >= 90      0               0.0     0.0        0
DAYS MAX <= 32      3              10.2    -7.2       20
DAYS MIN <= 32     84              80.3     3.7       76
DAYS MIN <= 0       1               4.3    -3.3        5

PRECIPITATION (INCHES)
RECORD
 MAXIMUM         7.84   1890
 MINIMUM         0.51   1977
TOTALS           1.40              2.46   -1.06     4.79
DAILY AVG.       0.02              0.03   -0.01     0.05
DAYS >= .01        19              24.0    -5.0       39
DAYS >= .10         7               8.7    -1.7       19
DAYS >= .50         0               0.5    -0.5        1
DAYS >= 1.00        0               0.0     0.0        0

SNOWFALL (INCHES)
RECORDS
 TOTAL           68.0   1890
TOTALS           11.2              12.5    -1.3     15.5
DAYS >= 1.0         4               4.6    -0.6        4
GREATEST
 SNOW DEPTH         3   02/12                          4

DEGREE_DAYS
HEATING TOTAL    2803              3021    -218     3104
COOLING TOTAL       0                 0       0        0
..............................................................

WIND (MPH)
AVERAGE WIND SPEED              6.2
HIGHEST WIND SPEED/DIRECTION    32/210    DATE  12/19
HIGHEST GUST SPEED/DIRECTION    45/290    DATE  02/18

AVERAGE RH (PERCENT)     60

WEATHER CONDITIONS. NUMBER OF DAYS WITH
THUNDERSTORM              0     MIXED PRECIP               0
HEAVY RAIN                0     RAIN                       2
LIGHT RAIN               13     FREEZING RAIN              0
LT FREEZING RAIN          0     HAIL                       0
HEAVY SNOW                2     SNOW                       4
LIGHT SNOW               17     SLEET                      0
FOG                      15     FOG W/VIS <= 1/4 MILE      4
HAZE                      7

-  INDICATES NEGATIVE NUMBERS.
R  INDICATES RECORD WAS SET OR TIED.
MM INDICATES DATA IS MISSING.
T  INDICATES TRACE AMOUNT.

$$

DS
