000
CXUS52 KMLB 010631
CF6DAB
PRELIMINARY LOCAL CLIMATOLOGICAL DATA (WS FORM: F-6)

                                          STATION:   DAYTONA BEACH
                                          MONTH:     OCTOBER
                                          YEAR:      2015
                                          LATITUDE:   29 10 N
                                          LONGITUDE:  81  3 W

  TEMPERATURE IN F:       :PCPN:    SNOW:  WIND      :SUNSHINE: SKY     :PK WND
================================================================================
1   2   3   4   5  6A  6B    7    8   9   10  11  12  13   14  15   16   17  18
                                     12Z  AVG MX 2MIN
DY MAX MIN AVG DEP HDD CDD  WTR  SNW DPTH SPD SPD DIR MIN PSBL S-S WX    SPD DR
================================================================================

 1  87  77  82   4   0  17    T  0.0    0  7.3 15  50   M    M   5        21  20
 2  82  73  78   1   0  13 0.11  0.0    0  9.9 22  50   M    M   9 1      25  40
 3  80  65  73  -4   0   8 0.00  0.0    0  7.7 16 300   M    M   7        20 300
 4  79  61  70  -7   0   5 0.03  0.0    0  5.2 15 270   M    M   4 3      19 270
 5  82  63  73  -4   0   8 0.00  0.0    0  6.1 16  10   M    M   4 1      20  10
 6  81  67  74  -3   0   9 0.01  0.0    0  9.5 18  10   M    M   6 1      23  10
 7  82  66  74  -2   0   9 0.00  0.0    0  7.0 17  20   M    M   4        20  40
 8  84  66  75  -1   0  10 0.02  0.0    0  5.6 15  80   M    M   5 1      19  80
 9  85  72  79   3   0  14 0.00  0.0    0  7.3 17  70   M    M   5        22  80
10  87  70  79   3   0  14 0.22  0.0    0  3.7 21 330   M    M   5 13     24 340
11  82  68  75   0   0  10 0.00  0.0    0  5.6 17  50   M    M   4 12     20  40
12  82  64  73  -2   0   8 0.00  0.0    0  3.5 13 280   M    M   4        15 280
13  86  61  74  -1   0   9 0.00  0.0    0  5.4 18 240   M    M   1        25 260
14  87  67  77   2   0  12 0.00  0.0    0  5.1 13 250   M    M   4 1      22 260
15  84  62  73  -1   0   8 0.00  0.0    0  7.3 17  30   M    M   1        23  50
16  83  61  72  -2   0   7 0.00  0.0    0  2.8 13  70   M    M   6        17  50
17  85  62  74   0   0   9 0.00  0.0    0  6.9 17  30   M    M   4        20 360
18  80  70  75   1   0  10 0.00  0.0    0 17.2 26  40   M    M   7        34  40
19  80  69  75   2   0  10    T  0.0    0 18.9 25  70   M    M   7        33  60
20  81  68  75   2   0  10    T  0.0    0 13.4 24  60   M    M   5        30  70
21  80  70  75   2   0  10 0.23  0.0    0  8.7 23  70   M    M   6 18     27  60
22  84  65  75   3   0  10    T  0.0    0  7.3 21  40   M    M   4        28  40
23  83  66  75   3   0  10    T  0.0    0  8.0 20  60   M    M   3        24  70
24  83  71  77   5   0  12 0.00  0.0    0  7.6 20  70   M    M   3        23  80
25  84  71  78   6   0  13 0.00  0.0    0  6.0 17  80   M    M   6        22  70
26  82  73  78   7   0  13 0.01  0.0    0  6.8 15 150   M    M   9 18     23 110
27  79  73  76   5   0  11 0.04  0.0    0  5.0 10 170   M    M  10 1      17 110
28  83  68  76   5   0  11 0.44  0.0    0  5.9 15 270   M    M   6 13     20 180
29  83  67  75   4   0  10 0.00  0.0    0  3.6 13 310   M    M   4 1      15 310
30  81  62  72   2   0   7 0.00  0.0    0  5.0 14  40   M    M   3 1      18  30
31  83  64  74   4   0   9 0.00  0.0    0  4.0 15  70   M    M   4 1      19  70
================================================================================
SM 2564 2082         0 316  1.11     0.0 223.3          M      155
================================================================================
AV 82.7 67.2                               7.2 FASTST   M    M   5    MAX(MPH)
                                 MISC ---->  # 26  40               # 34   40
================================================================================
NOTES:
# LAST OF SEVERAL OCCURRENCES

COLUMN 17 PEAK WIND IN M.P.H.

PRELIMINARY LOCAL CLIMATOLOGICAL DATA (WS FORM: F-6) , PAGE 2

                                          STATION:  DAYTONA BEACH
                                          MONTH:    OCTOBER
                                          YEAR:     2015
                                          LATITUDE:   29 10 N
                                          LONGITUDE:  81  3 W

[TEMPERATURE DATA]      [PRECIPITATION DATA]       SYMBOLS USED IN COLUMN 16

AVERAGE MONTHLY: 74.9   TOTAL FOR MONTH:   1.11    1 = FOG OR MIST
DPTR FM NORMAL:   0.9   DPTR FM NORMAL:   -3.10    2 = FOG REDUCING VISIBILITY
HIGHEST:    87 ON 14,10 GRTST 24HR  0.48 ON 27-28      TO 1/4 MILE OR LESS
LOWEST:     61 ON 16,13                            3 = THUNDER
                        SNOW, ICE PELLETS, HAIL    4 = ICE PELLETS
                        TOTAL MONTH:   0.0 INCH    5 = HAIL
                        GRTST 24HR     0.0         6 = FREEZING RAIN OR DRIZZLE
                        GRTST DEPTH:   0           7 = DUSTSTORM OR SANDSTORM:
                                                       VSBY 1/2 MILE OR LESS
                                                   8 = SMOKE OR HAZE
[NO. OF DAYS WITH]      [WEATHER - DAYS WITH]      9 = BLOWING SNOW
                                                   X = TORNADO
MAX 32 OR BELOW:   0    0.01 INCH OR MORE:   9
MAX 90 OR ABOVE:   0    0.10 INCH OR MORE:   4
MIN 32 OR BELOW:   0    0.50 INCH OR MORE:   0
MIN  0 OR BELOW:   0    1.00 INCH OR MORE:   0

[HDD (BASE 65) ]
TOTAL THIS MO.     0    CLEAR  (SCALE 0-3)   5
DPTR FM NORMAL    -8    PTCLDY (SCALE 4-7)  23
TOTAL FM JUL 1     0    CLOUDY (SCALE 8-10)  3
DPTR FM NORMAL    -8

[CDD (BASE 65) ]
TOTAL THIS MO.   316
DPTR FM NORMAL    30    [PRESSURE DATA]
TOTAL FM JAN 1  3275    HIGHEST SLP M ON M
DPTR FM NORMAL   479    LOWEST  SLP 29.54 ON M

[REMARKS]
#FINAL-10-15#
