000
CDUS43 KMQT 142116
CLIMQT


CLIMATE REPORT
NATIONAL WEATHER SERVICE MARQUETTE MI
513 PM EDT SAT APR 14 2018


...................................

...THE MARQUETTE MI CLIMATE SUMMARY FOR APRIL 14 2018...
VALID TODAY AS OF 500 PM LOCAL TIME.

CLIMATE NORMAL PERIOD 1981 TO 2010
CLIMATE RECORD PERIOD 1961 TO 2018


WEATHER ITEM   OBSERVED RECORD YEAR NORMAL DEPARTURE LAST
                VALUE   VALUE       VALUE  FROM      YEAR
                                           NORMAL
...........................................................
TEMPERATURE (F)
 TODAY
  MAXIMUM         28     83    2003  47    -19       60
  MINIMUM         18      9    2008  27     -9       27
                               1996
  AVERAGE         23                 37    -14       44

PRECIPITATION (IN)
  TODAY            0.00   0.81 1983   0.10  -0.10      T
  MONTH TO DATE    0.60               1.50  -0.90     2.09
  SINCE MAR 1      1.98               4.53  -2.55     3.93
  SINCE JAN 1      6.14               9.08  -2.94     8.51

SNOWFALL (IN)
  TODAY            0.0    6.0  2014   0.5   -0.5      0.0
  MONTH TO DATE    8.5                9.3   -0.8      9.0
  SINCE MAR 1     32.6               44.2  -11.6     28.9
  SINCE JUL 1    148.6              196.6  -48.0    150.0
  SNOW DEPTH      19

DEGREE DAYS
 HEATING
  TODAY           42                 28     14       21
  MONTH TO DATE  601                434    167      344
  SINCE MAR 1   1928               1697    231     1596
  SINCE JUL 1   8616               8321    295     7280

 COOLING
  TODAY            0                  0      0        0
  MONTH TO DATE    0                  0      0        0
  SINCE MAR 1      0                  0      0        0
  SINCE JAN 1      0                  0      0        0
...........................................................


WIND (MPH)
  HIGHEST WIND SPEED    MM   HIGHEST WIND DIRECTION    MM
  HIGHEST GUST SPEED    34   HIGHEST GUST DIRECTION     E (90)
  AVERAGE WIND SPEED    MM


SKY COVER
  POSSIBLE SUNSHINE  MM
  AVERAGE SKY COVER  MM


WEATHER CONDITIONS
 THE FOLLOWING WEATHER WAS RECORDED TODAY.
  NO SIGNIFICANT WEATHER WAS OBSERVED.


RELATIVE HUMIDITY (PERCENT)
 HIGHEST    MM
 LOWEST     MM
 AVERAGE    MM

..........................................................


THE MARQUETTE MI CLIMATE NORMALS FOR TOMORROW
                         NORMAL    RECORD    YEAR
 MAXIMUM TEMPERATURE (F)   48        76      2002
 MINIMUM TEMPERATURE (F)   28        -1      2014


SUNRISE AND SUNSET
APRIL 14 2018.........SUNRISE   705 AM EDT   SUNSET   837 PM EDT
APRIL 15 2018.........SUNRISE   703 AM EDT   SUNSET   838 PM EDT


-  INDICATES NEGATIVE NUMBERS.
R  INDICATES RECORD WAS SET OR TIED.
MM INDICATES DATA IS MISSING.
T  INDICATES TRACE AMOUNT.




$$
