734
CDUS43 KMQT 180525
CLIMQT


CLIMATE REPORT
NATIONAL WEATHER SERVICE MARQUETTE MI
125 AM EDT WED APR 18 2018


...................................

...THE MARQUETTE MI CLIMATE SUMMARY FOR APRIL 17 2018...

CLIMATE NORMAL PERIOD 1981 TO 2010
CLIMATE RECORD PERIOD 1961 TO 2018


WEATHER ITEM   OBSERVED RECORD YEAR NORMAL DEPARTURE LAST
                VALUE   VALUE       VALUE  FROM      YEAR
                                           NORMAL
...........................................................
TEMPERATURE (F)
 YESTERDAY
  MAXIMUM         27     78    2016  49    -22       31
  MINIMUM         20     15    1983  29     -9       26
  AVERAGE         24                 39    -15       29

PRECIPITATION (IN)
  YESTERDAY        0.16   0.85 1975   0.10   0.06     0.01
  MONTH TO DATE    3.27               1.81   1.46     2.68
  SINCE MAR 1      4.65               4.84  -0.19     4.52
  SINCE JAN 1      8.81               9.39  -0.58     9.10

SNOWFALL (IN)
  YESTERDAY        3.1    3.9  2014   0.5    2.6      0.3
  MONTH TO DATE   35.2               10.8   24.4      9.4
  SINCE MAR 1     59.3               45.7   13.6     29.3
  SINCE JUL 1    175.3              198.1  -22.8    150.4
  SNOW DEPTH      36

DEGREE DAYS
 HEATING
  YESTERDAY       41                 26     15       36
  MONTH TO DATE  730                514    216      420
  SINCE MAR 1   2057               1777    280     1672
  SINCE JUL 1   8745               8401    344     7356

 COOLING
  YESTERDAY        0                  0      0        0
  MONTH TO DATE    0                  0      0        0
  SINCE MAR 1      0                  0      0        0
  SINCE JAN 1      0                  0      0        0
...........................................................

WIND (MPH)
  RESULTANT WIND SPEED  MM   RESULTANT WIND DIRECTION  MM
  HIGHEST WIND SPEED    MM   HIGHEST WIND DIRECTION    MM
  HIGHEST GUST SPEED    27   HIGHEST GUST DIRECTION     N (360)
  AVERAGE WIND SPEED    MM

SKY COVER
  POSSIBLE SUNSHINE  MM
  AVERAGE SKY COVER  MM

WEATHER CONDITIONS
 THE FOLLOWING WEATHER WAS RECORDED YESTERDAY.
  LIGHT SNOW
  BLOWING SNOW

RELATIVE HUMIDITY (PERCENT)
 HIGHEST    MM
 LOWEST     MM
 AVERAGE    MM
..........................................................

THE MARQUETTE MI CLIMATE NORMALS FOR TODAY
                         NORMAL    RECORD    YEAR
 MAXIMUM TEMPERATURE (F)   49        79      2005
 MINIMUM TEMPERATURE (F)   29        15      1983
                                             1974


SUNRISE AND SUNSET
APRIL 18 2018.........SUNRISE   658 AM EDT   SUNSET   842 PM EDT
APRIL 19 2018.........SUNRISE   656 AM EDT   SUNSET   844 PM EDT


-  INDICATES NEGATIVE NUMBERS.
R  INDICATES RECORD WAS SET OR TIED.
MM INDICATES DATA IS MISSING.
T  INDICATES TRACE AMOUNT.




$$
