171
CDUS43 KMQT 170514
CLIMQT


CLIMATE REPORT
NATIONAL WEATHER SERVICE MARQUETTE MI
112 AM EDT TUE APR 17 2018


...................................

...THE MARQUETTE MI CLIMATE SUMMARY FOR APRIL 16 2018...

CLIMATE NORMAL PERIOD 1981 TO 2010
CLIMATE RECORD PERIOD 1961 TO 2018


WEATHER ITEM   OBSERVED RECORD YEAR NORMAL DEPARTURE LAST
                VALUE   VALUE       VALUE  FROM      YEAR
                                           NORMAL
...........................................................
TEMPERATURE (F)
 YESTERDAY
  MAXIMUM         23     83    2002  48    -25       53
  MINIMUM         19     -5    2014  28     -9       27
  AVERAGE         21                 38    -17       40

PRECIPITATION (IN)
  YESTERDAY        0.47   1.23 2012   0.10   0.37     0.03
  MONTH TO DATE    3.11               1.71   1.40     2.67
  SINCE MAR 1      4.49               4.74  -0.25     4.51
  SINCE JAN 1      8.65               9.29  -0.64     9.09

SNOWFALL (IN)
  YESTERDAY        7.8   12.6  1993   0.5    7.3      0.1
  MONTH TO DATE   32.1               10.3   21.8      9.1
  SINCE MAR 1     56.2               45.2   11.0     29.0
  SINCE JUL 1    172.2              197.6  -25.4    150.1
  SNOW DEPTH      30

DEGREE DAYS
 HEATING
  YESTERDAY       44                 27     17       25
  MONTH TO DATE  689                488    201      384
  SINCE MAR 1   2016               1751    265     1636
  SINCE JUL 1   8704               8375    329     7320

 COOLING
  YESTERDAY        0                  0      0        0
  MONTH TO DATE    0                  0      0        0
  SINCE MAR 1      0                  0      0        0
  SINCE JAN 1      0                  0      0        0
...........................................................


WIND (MPH)
  RESULTANT WIND SPEED  MM   RESULTANT WIND DIRECTION  MM
  HIGHEST WIND SPEED    MM   HIGHEST WIND DIRECTION    MM
  HIGHEST GUST SPEED    17   HIGHEST GUST DIRECTION    NW (315)
  AVERAGE WIND SPEED    MM


SKY COVER
  POSSIBLE SUNSHINE  MM
  AVERAGE SKY COVER  MM


WEATHER CONDITIONS
 THE FOLLOWING WEATHER WAS RECORDED YESTERDAY.
  LT FREEZING RAIN
  SNOW
  LIGHT SNOW


RELATIVE HUMIDITY (PERCENT)
 HIGHEST    MM
 LOWEST     MM
 AVERAGE    MM

..........................................................


THE MARQUETTE MI CLIMATE NORMALS FOR TODAY
                         NORMAL    RECORD    YEAR
 MAXIMUM TEMPERATURE (F)   49        78      2016
 MINIMUM TEMPERATURE (F)   29        15      1983


SUNRISE AND SUNSET
APRIL 17 2018.........SUNRISE   700 AM EDT   SUNSET   841 PM EDT
APRIL 18 2018.........SUNRISE   658 AM EDT   SUNSET   842 PM EDT


-  INDICATES NEGATIVE NUMBERS.
R  INDICATES RECORD WAS SET OR TIED.
MM INDICATES DATA IS MISSING.
T  INDICATES TRACE AMOUNT.

$$

TITUS
