000
CDUS43 KMQT 240515
CLIMQT


CLIMATE REPORT
NATIONAL WEATHER SERVICE MARQUETTE MI
114 AM EDT THU MAY 24 2018


...................................

...THE MARQUETTE MI CLIMATE SUMMARY FOR MAY 23 2018...

CLIMATE NORMAL PERIOD 1981 TO 2010
CLIMATE RECORD PERIOD 1961 TO 2018


WEATHER ITEM   OBSERVED RECORD YEAR NORMAL DEPARTURE LAST
                VALUE   VALUE       VALUE  FROM      YEAR
                                           NORMAL
...........................................................
TEMPERATURE (F)
 YESTERDAY
  MAXIMUM         82     88    2010  65     17       57
  MINIMUM         42     23    1963  42      0       34
  AVERAGE         62                 53      9       46

PRECIPITATION (IN)
  YESTERDAY        0.00   1.26 2004   0.10  -0.10      T
  MONTH TO DATE    0.46               2.18  -1.72     2.38
  SINCE MAR 1      5.12               8.22  -3.10     9.62
  SINCE JAN 1      9.28              12.77  -3.49    14.20

SNOWFALL (IN)
  YESTERDAY        0.0    T    2013   0.0    0.0      0.0
                               1992
  MONTH TO DATE    0.0                1.5   -1.5      0.9
  SINCE MAR 1     59.3               50.9    8.4     32.9
  SINCE JUL 1    175.3              203.3  -28.0    154.0
  SNOW DEPTH       0

DEGREE DAYS
 HEATING
  YESTERDAY        3                 12     -9       19
  MONTH TO DATE  315                363    -48      462
  SINCE MAR 1   2708               2441    267     2462
  SINCE JUL 1   9396               9065    331     8146

 COOLING
  YESTERDAY        0                  1     -1        0
  MONTH TO DATE    0                  3     -3        0
  SINCE MAR 1      0                  4     -4        0
  SINCE JAN 1      0                  4     -4        0
...........................................................

WIND (MPH)
  RESULTANT WIND SPEED  MM   RESULTANT WIND DIRECTION  MM
  HIGHEST WIND SPEED    MM   HIGHEST WIND DIRECTION    MM
  HIGHEST GUST SPEED    17   HIGHEST GUST DIRECTION    NE (45)
  AVERAGE WIND SPEED    MM

SKY COVER
  POSSIBLE SUNSHINE  MM
  AVERAGE SKY COVER  MM

WEATHER CONDITIONS
 THE FOLLOWING WEATHER WAS RECORDED YESTERDAY.
  NO SIGNIFICANT WEATHER WAS OBSERVED.

RELATIVE HUMIDITY (PERCENT)
 HIGHEST    MM
 LOWEST     MM
 AVERAGE    MM
..........................................................

THE MARQUETTE MI CLIMATE NORMALS FOR TODAY
                         NORMAL    RECORD    YEAR
 MAXIMUM TEMPERATURE (F)   65        91      2010
 MINIMUM TEMPERATURE (F)   42        29      2013


SUNRISE AND SUNSET
MAY 24 2018...........SUNRISE   607 AM EDT   SUNSET   928 PM EDT
MAY 25 2018...........SUNRISE   606 AM EDT   SUNSET   929 PM EDT


-  INDICATES NEGATIVE NUMBERS.
R  INDICATES RECORD WAS SET OR TIED.
MM INDICATES DATA IS MISSING.
T  INDICATES TRACE AMOUNT.




$$
